{"id":250,"date":"2017-05-12T09:20:11","date_gmt":"2017-05-12T07:20:11","guid":{"rendered":"http:\/\/blogs.hoy.es\/catalanaconjamon\/wp-content\/uploads\/sites\/49\/2017\/05\/Con-el-Spidercerdo-de-Ferm\u00edn-Sol\u00eds.jpg"},"modified":"2017-05-12T09:20:11","modified_gmt":"2017-05-12T07:20:11","slug":"con-el-spidercerdo-de-fermin-solis","status":"inherit","type":"attachment","link":"https:\/\/blogs.hoy.es\/catalanaconjamon\/2017\/05\/12\/de-jamon-en-jamon-por-jerez-de-los-caballeros\/con-el-spidercerdo-de-fermin-solis\/","title":{"rendered":"Posando con el Spidercerdo de la Iberian Pork Parade, dise\u00f1ado por Ferm\u00edn Sol\u00eds, en la factor\u00eda Montesano"},"author":51,"comment_status":"open","ping_status":"closed","template":"","meta":[],"description":{"rendered":"<p class=\"attachment\"><a href='https:\/\/static-blogs.hoy.es\/wp-content\/uploads\/sites\/49\/2017\/05\/Con-el-Spidercerdo-de-Ferm\u00edn-Sol\u00eds.jpg'><img width=\"300\" height=\"225\" src=\"https:\/\/static-blogs.hoy.es\/wp-content\/uploads\/sites\/49\/2017\/05\/Con-el-Spidercerdo-de-Ferm\u00edn-Sol\u00eds-300x225.jpg\" class=\"attachment-medium size-medium\" alt=\"Posando con el Spidercerdo de la Iberian Pork Parade, dise\u00f1ado por Ferm\u00edn Sol\u00eds, en la factor\u00eda Montesano\" loading=\"lazy\" srcset=\"https:\/\/static-blogs.hoy.es\/wp-content\/uploads\/sites\/49\/2017\/05\/Con-el-Spidercerdo-de-Ferm\u00edn-Sol\u00eds-300x225.jpg 300w, https:\/\/static-blogs.hoy.es\/wp-content\/uploads\/sites\/49\/2017\/05\/Con-el-Spidercerdo-de-Ferm\u00edn-Sol\u00eds-768x576.jpg 768w, https:\/\/static-blogs.hoy.es\/wp-content\/uploads\/sites\/49\/2017\/05\/Con-el-Spidercerdo-de-Ferm\u00edn-Sol\u00eds-1024x768.jpg 1024w, https:\/\/static-blogs.hoy.es\/wp-content\/uploads\/sites\/49\/2017\/05\/Con-el-Spidercerdo-de-Ferm\u00edn-Sol\u00eds.jpg 1143w\" sizes=\"(max-width: 300px) 100vw, 300px\" \/><\/a><\/p>\n<!-- AddThis Advanced Settings generic via filter on the_content --><!-- AddThis Share Buttons generic via filter on the_content -->"},"caption":{"rendered":"<p>Posando con el Spidercerdo de la Iberian Pork Parade, dise\u00f1ado por Ferm\u00edn Sol\u00eds, en la factor\u00eda Montesano<!-- AddThis Advanced Settings generic via filter on get_the_excerpt --><!-- AddThis Share Buttons generic via filter on get_the_excerpt --><\/p>\n"},"alt_text":"Posando con el Spidercerdo de la Iberian Pork Parade, dise\u00f1ado por Ferm\u00edn Sol\u00eds, en la factor\u00eda Montesano","media_type":"image","mime_type":"image\/jpeg","media_details":{"width":1143,"height":857,"file":"2017\/05\/Con-el-Spidercerdo-de-Ferm\u00edn-Sol\u00eds.jpg","sizes":{"thumbnail":{"file":"Con-el-Spidercerdo-de-Ferm\u00edn-Sol\u00eds-150x150.jpg","width":150,"height":150,"mime_type":"image\/jpeg","source_url":"https:\/\/blogs.hoy.es\/catalanaconjamon\/wp-content\/uploads\/sites\/49\/2017\/05\/Con-el-Spidercerdo-de-Ferm\u00edn-Sol\u00eds-150x150.jpg"},"medium":{"file":"Con-el-Spidercerdo-de-Ferm\u00edn-Sol\u00eds-300x225.jpg","width":300,"height":225,"mime_type":"image\/jpeg","source_url":"https:\/\/blogs.hoy.es\/catalanaconjamon\/wp-content\/uploads\/sites\/49\/2017\/05\/Con-el-Spidercerdo-de-Ferm\u00edn-Sol\u00eds-300x225.jpg"},"medium_large":{"file":"Con-el-Spidercerdo-de-Ferm\u00edn-Sol\u00eds-768x576.jpg","width":768,"height":576,"mime_type":"image\/jpeg","source_url":"https:\/\/blogs.hoy.es\/catalanaconjamon\/wp-content\/uploads\/sites\/49\/2017\/05\/Con-el-Spidercerdo-de-Ferm\u00edn-Sol\u00eds-768x576.jpg"},"large":{"file":"Con-el-Spidercerdo-de-Ferm\u00edn-Sol\u00eds-1024x768.jpg","width":1024,"height":768,"mime_type":"image\/jpeg","source_url":"https:\/\/blogs.hoy.es\/catalanaconjamon\/wp-content\/uploads\/sites\/49\/2017\/05\/Con-el-Spidercerdo-de-Ferm\u00edn-Sol\u00eds-1024x768.jpg"},"full":{"file":"Con-el-Spidercerdo-de-Ferm\u00edn-Sol\u00eds.jpg","width":1143,"height":857,"mime_type":"image\/jpeg","source_url":"https:\/\/blogs.hoy.es\/catalanaconjamon\/wp-content\/uploads\/sites\/49\/2017\/05\/Con-el-Spidercerdo-de-Ferm\u00edn-Sol\u00eds.jpg"}},"image_meta":{"aperture":"2.2","credit":"","camera":"iPhone 5s","caption":"","created_timestamp":"1494063737","copyright":"","focal_length":"4.15","iso":"32","shutter_speed":"0.0085470085470085","title":"","orientation":"1","keywords":[]}},"post":249,"source_url":"https:\/\/blogs.hoy.es\/catalanaconjamon\/wp-content\/uploads\/sites\/49\/2017\/05\/Con-el-Spidercerdo-de-Ferm\u00edn-Sol\u00eds.jpg","_links":{"self":[{"href":"https:\/\/blogs.hoy.es\/catalanaconjamon\/wp-json\/wp\/v2\/media\/250"}],"collection":[{"href":"https:\/\/blogs.hoy.es\/catalanaconjamon\/wp-json\/wp\/v2\/media"}],"about":[{"href":"https:\/\/blogs.hoy.es\/catalanaconjamon\/wp-json\/wp\/v2\/types\/attachment"}],"author":[{"embeddable":true,"href":"https:\/\/blogs.hoy.es\/catalanaconjamon\/wp-json\/wp\/v2\/users\/51"}],"replies":[{"embeddable":true,"href":"https:\/\/blogs.hoy.es\/catalanaconjamon\/wp-json\/wp\/v2\/comments?post=250"}]}}

http://blogs.hoy.es/catalanaconjamon/wp-content/uploads/sites/49/2017/05/Con-el-Spidercerdo-de-Fermín-Solís.jpg

Posando con el Spidercerdo de la Iberian Pork Parade, diseñado por Fermín Solís, en la factoría Montesano

<p class="attachment"><a href='https://static-blogs.hoy.es/wp-content/uploads/sites/49/2017/05/Con-el-Spidercerdo-de-Fermín-Solís.jpg'><img width="300" height="225" src="https://static-blogs.hoy.es/wp-content/uploads/sites/49/2017/05/Con-el-Spidercerdo-de-Fermín-Solís-300x225.jpg" class="attachment-medium size-medium" alt="Posando con el Spidercerdo de la Iberian Pork Parade, diseñado por Fermín Solís, en la factoría Montesano" loading="lazy" srcset="https://static-blogs.hoy.es/wp-content/uploads/sites/49/2017/05/Con-el-Spidercerdo-de-Fermín-Solís-300x225.jpg 300w, https://static-blogs.hoy.es/wp-content/uploads/sites/49/2017/05/Con-el-Spidercerdo-de-Fermín-Solís-768x576.jpg 768w, https://static-blogs.hoy.es/wp-content/uploads/sites/49/2017/05/Con-el-Spidercerdo-de-Fermín-Solís-1024x768.jpg 1024w, https://static-blogs.hoy.es/wp-content/uploads/sites/49/2017/05/Con-el-Spidercerdo-de-Fermín-Solís.jpg 1143w" sizes="(max-width: 300px) 100vw, 300px" /></a></p>
<!-- AddThis Advanced Settings generic via filter on the_content --><!-- AddThis Share Buttons generic via filter on the_content -->

<p>Posando con el Spidercerdo de la Iberian Pork Parade, diseñado por Fermín Solís, en la factoría Montesano<!-- AddThis Advanced Settings generic via filter on get_the_excerpt --><!-- AddThis Share Buttons generic via filter on get_the_excerpt --></p>

2017/05/Con-el-Spidercerdo-de-Fermín-Solís.jpg

Con-el-Spidercerdo-de-Fermín-Solís-150x150.jpg

https://blogs.hoy.es/catalanaconjamon/wp-content/uploads/sites/49/2017/05/Con-el-Spidercerdo-de-Fermín-Solís-150x150.jpg

Con-el-Spidercerdo-de-Fermín-Solís-300x225.jpg

https://blogs.hoy.es/catalanaconjamon/wp-content/uploads/sites/49/2017/05/Con-el-Spidercerdo-de-Fermín-Solís-300x225.jpg

Con-el-Spidercerdo-de-Fermín-Solís-768x576.jpg

https://blogs.hoy.es/catalanaconjamon/wp-content/uploads/sites/49/2017/05/Con-el-Spidercerdo-de-Fermín-Solís-768x576.jpg

Con-el-Spidercerdo-de-Fermín-Solís-1024x768.jpg

https://blogs.hoy.es/catalanaconjamon/wp-content/uploads/sites/49/2017/05/Con-el-Spidercerdo-de-Fermín-Solís-1024x768.jpg

Con-el-Spidercerdo-de-Fermín-Solís.jpg

https://blogs.hoy.es/catalanaconjamon/wp-content/uploads/sites/49/2017/05/Con-el-Spidercerdo-de-Fermín-Solís.jpg
