{"id":252,"date":"2017-05-12T09:30:17","date_gmt":"2017-05-12T07:30:17","guid":{"rendered":"http:\/\/blogs.hoy.es\/catalanaconjamon\/wp-content\/uploads\/sites\/49\/2017\/05\/Concurso-Jam\u00f3n-de-Oro-peque\u00f1o.jpg"},"modified":"2017-05-12T09:30:17","modified_gmt":"2017-05-12T07:30:17","slug":"concurso-jamon-de-oro-pequeno","status":"inherit","type":"attachment","link":"https:\/\/blogs.hoy.es\/catalanaconjamon\/2017\/05\/12\/de-jamon-en-jamon-por-jerez-de-los-caballeros\/concurso-jamon-de-oro-pequeno\/","title":{"rendered":"Concurso Jam\u00f3n de Oro (peque\u00f1o)"},"author":51,"comment_status":"open","ping_status":"closed","template":"","meta":[],"description":{"rendered":"<p class=\"attachment\"><a href='https:\/\/static-blogs.hoy.es\/wp-content\/uploads\/sites\/49\/2017\/05\/Concurso-Jam\u00f3n-de-Oro-peque\u00f1o.jpg'><img width=\"300\" height=\"225\" src=\"https:\/\/static-blogs.hoy.es\/wp-content\/uploads\/sites\/49\/2017\/05\/Concurso-Jam\u00f3n-de-Oro-peque\u00f1o-300x225.jpg\" class=\"attachment-medium size-medium\" alt=\"Piezas participantes en concurso &quot;Jam\u00f3n de Oro&quot;\" loading=\"lazy\" srcset=\"https:\/\/static-blogs.hoy.es\/wp-content\/uploads\/sites\/49\/2017\/05\/Concurso-Jam\u00f3n-de-Oro-peque\u00f1o-300x225.jpg 300w, https:\/\/static-blogs.hoy.es\/wp-content\/uploads\/sites\/49\/2017\/05\/Concurso-Jam\u00f3n-de-Oro-peque\u00f1o-768x576.jpg 768w, https:\/\/static-blogs.hoy.es\/wp-content\/uploads\/sites\/49\/2017\/05\/Concurso-Jam\u00f3n-de-Oro-peque\u00f1o-1024x768.jpg 1024w, https:\/\/static-blogs.hoy.es\/wp-content\/uploads\/sites\/49\/2017\/05\/Concurso-Jam\u00f3n-de-Oro-peque\u00f1o.jpg 1306w\" sizes=\"(max-width: 300px) 100vw, 300px\" \/><\/a><\/p>\n<p>Piezas participantes en concurso &#8220;Jam\u00f3n de Oro&#8221;<\/p>\n<!-- AddThis Advanced Settings generic via filter on the_content --><!-- AddThis Share Buttons generic via filter on the_content -->"},"caption":{"rendered":"<p>Piezas participantes en concurso &#8220;Jam\u00f3n de Oro&#8221;<!-- AddThis Advanced Settings generic via filter on get_the_excerpt --><!-- AddThis Share Buttons generic via filter on get_the_excerpt --><\/p>\n"},"alt_text":"Piezas participantes en concurso \"Jam\u00f3n de Oro\"","media_type":"image","mime_type":"image\/jpeg","media_details":{"width":1306,"height":980,"file":"2017\/05\/Concurso-Jam\u00f3n-de-Oro-peque\u00f1o.jpg","sizes":{"thumbnail":{"file":"Concurso-Jam\u00f3n-de-Oro-peque\u00f1o-150x150.jpg","width":150,"height":150,"mime_type":"image\/jpeg","source_url":"https:\/\/blogs.hoy.es\/catalanaconjamon\/wp-content\/uploads\/sites\/49\/2017\/05\/Concurso-Jam\u00f3n-de-Oro-peque\u00f1o-150x150.jpg"},"medium":{"file":"Concurso-Jam\u00f3n-de-Oro-peque\u00f1o-300x225.jpg","width":300,"height":225,"mime_type":"image\/jpeg","source_url":"https:\/\/blogs.hoy.es\/catalanaconjamon\/wp-content\/uploads\/sites\/49\/2017\/05\/Concurso-Jam\u00f3n-de-Oro-peque\u00f1o-300x225.jpg"},"medium_large":{"file":"Concurso-Jam\u00f3n-de-Oro-peque\u00f1o-768x576.jpg","width":768,"height":576,"mime_type":"image\/jpeg","source_url":"https:\/\/blogs.hoy.es\/catalanaconjamon\/wp-content\/uploads\/sites\/49\/2017\/05\/Concurso-Jam\u00f3n-de-Oro-peque\u00f1o-768x576.jpg"},"large":{"file":"Concurso-Jam\u00f3n-de-Oro-peque\u00f1o-1024x768.jpg","width":1024,"height":768,"mime_type":"image\/jpeg","source_url":"https:\/\/blogs.hoy.es\/catalanaconjamon\/wp-content\/uploads\/sites\/49\/2017\/05\/Concurso-Jam\u00f3n-de-Oro-peque\u00f1o-1024x768.jpg"},"full":{"file":"Concurso-Jam\u00f3n-de-Oro-peque\u00f1o.jpg","width":1306,"height":980,"mime_type":"image\/jpeg","source_url":"https:\/\/blogs.hoy.es\/catalanaconjamon\/wp-content\/uploads\/sites\/49\/2017\/05\/Concurso-Jam\u00f3n-de-Oro-peque\u00f1o.jpg"}},"image_meta":{"aperture":"2.2","credit":"","camera":"iPhone 5s","caption":"","created_timestamp":"1494077373","copyright":"","focal_length":"4.15","iso":"250","shutter_speed":"0.03030303030303","title":"","orientation":"1","keywords":[]}},"post":249,"source_url":"https:\/\/blogs.hoy.es\/catalanaconjamon\/wp-content\/uploads\/sites\/49\/2017\/05\/Concurso-Jam\u00f3n-de-Oro-peque\u00f1o.jpg","_links":{"self":[{"href":"https:\/\/blogs.hoy.es\/catalanaconjamon\/wp-json\/wp\/v2\/media\/252"}],"collection":[{"href":"https:\/\/blogs.hoy.es\/catalanaconjamon\/wp-json\/wp\/v2\/media"}],"about":[{"href":"https:\/\/blogs.hoy.es\/catalanaconjamon\/wp-json\/wp\/v2\/types\/attachment"}],"author":[{"embeddable":true,"href":"https:\/\/blogs.hoy.es\/catalanaconjamon\/wp-json\/wp\/v2\/users\/51"}],"replies":[{"embeddable":true,"href":"https:\/\/blogs.hoy.es\/catalanaconjamon\/wp-json\/wp\/v2\/comments?post=252"}]}}

http://blogs.hoy.es/catalanaconjamon/wp-content/uploads/sites/49/2017/05/Concurso-Jamón-de-Oro-pequeño.jpg

Concurso Jamón de Oro (pequeño)

<p class="attachment"><a href='https://static-blogs.hoy.es/wp-content/uploads/sites/49/2017/05/Concurso-Jamón-de-Oro-pequeño.jpg'><img width="300" height="225" src="https://static-blogs.hoy.es/wp-content/uploads/sites/49/2017/05/Concurso-Jamón-de-Oro-pequeño-300x225.jpg" class="attachment-medium size-medium" alt="Piezas participantes en concurso &quot;Jamón de Oro&quot;" loading="lazy" srcset="https://static-blogs.hoy.es/wp-content/uploads/sites/49/2017/05/Concurso-Jamón-de-Oro-pequeño-300x225.jpg 300w, https://static-blogs.hoy.es/wp-content/uploads/sites/49/2017/05/Concurso-Jamón-de-Oro-pequeño-768x576.jpg 768w, https://static-blogs.hoy.es/wp-content/uploads/sites/49/2017/05/Concurso-Jamón-de-Oro-pequeño-1024x768.jpg 1024w, https://static-blogs.hoy.es/wp-content/uploads/sites/49/2017/05/Concurso-Jamón-de-Oro-pequeño.jpg 1306w" sizes="(max-width: 300px) 100vw, 300px" /></a></p>
<p>Piezas participantes en concurso &#8220;Jamón de Oro&#8221;</p>
<!-- AddThis Advanced Settings generic via filter on the_content --><!-- AddThis Share Buttons generic via filter on the_content -->

<p>Piezas participantes en concurso &#8220;Jamón de Oro&#8221;<!-- AddThis Advanced Settings generic via filter on get_the_excerpt --><!-- AddThis Share Buttons generic via filter on get_the_excerpt --></p>

Piezas participantes en concurso "Jamón de Oro"

2017/05/Concurso-Jamón-de-Oro-pequeño.jpg

Concurso-Jamón-de-Oro-pequeño-150x150.jpg

https://blogs.hoy.es/catalanaconjamon/wp-content/uploads/sites/49/2017/05/Concurso-Jamón-de-Oro-pequeño-150x150.jpg

Concurso-Jamón-de-Oro-pequeño-300x225.jpg

https://blogs.hoy.es/catalanaconjamon/wp-content/uploads/sites/49/2017/05/Concurso-Jamón-de-Oro-pequeño-300x225.jpg

Concurso-Jamón-de-Oro-pequeño-768x576.jpg

https://blogs.hoy.es/catalanaconjamon/wp-content/uploads/sites/49/2017/05/Concurso-Jamón-de-Oro-pequeño-768x576.jpg

Concurso-Jamón-de-Oro-pequeño-1024x768.jpg

https://blogs.hoy.es/catalanaconjamon/wp-content/uploads/sites/49/2017/05/Concurso-Jamón-de-Oro-pequeño-1024x768.jpg

Concurso-Jamón-de-Oro-pequeño.jpg

https://blogs.hoy.es/catalanaconjamon/wp-content/uploads/sites/49/2017/05/Concurso-Jamón-de-Oro-pequeño.jpg
