{"id":163,"date":"2017-03-09T23:01:04","date_gmt":"2017-03-09T22:01:04","guid":{"rendered":"http:\/\/blogs.hoy.es\/correr-para-vivir\/wp-content\/uploads\/sites\/102\/2017\/03\/STRAVA-2.png"},"modified":"2017-03-09T23:01:04","modified_gmt":"2017-03-09T22:01:04","slug":"strava-2","status":"inherit","type":"attachment","link":"https:\/\/blogs.hoy.es\/correr-para-vivir\/2017\/03\/09\/apps-para-correr\/strava-2\/","title":{"rendered":"F\u00e1cil interpretaci\u00f3n de datos en Strava"},"author":124,"comment_status":"open","ping_status":"closed","template":"","meta":[],"description":{"rendered":"<p class=\"attachment\"><a href=\"https:\/\/static-blogs.hoy.es\/wp-content\/uploads\/sites\/102\/2017\/03\/STRAVA-2.png\"><img width=\"298\" height=\"300\" src=\"https:\/\/static-blogs.hoy.es\/wp-content\/uploads\/sites\/102\/2017\/03\/STRAVA-2-298x300.png\" class=\"attachment-medium size-medium\" alt=\"F\u00e1cil interpretaci\u00f3n de datos en Strava\" loading=\"lazy\" srcset=\"https:\/\/static-blogs.hoy.es\/wp-content\/uploads\/sites\/102\/2017\/03\/STRAVA-2-298x300.png 298w, https:\/\/static-blogs.hoy.es\/wp-content\/uploads\/sites\/102\/2017\/03\/STRAVA-2-150x150.png 150w, https:\/\/static-blogs.hoy.es\/wp-content\/uploads\/sites\/102\/2017\/03\/STRAVA-2.png 588w\" sizes=\"(max-width: 298px) 100vw, 298px\" \/><\/a><\/p>\n<p>F\u00e1cil interpretaci\u00f3n de datos en Strava. Tambi\u00e9n podr\u00e1s comparar con el mismo recorrido realizado por otros usuarios<\/p>\n<!-- AddThis Advanced Settings generic via filter on the_content --><!-- AddThis Share Buttons generic via filter on the_content -->"},"caption":{"rendered":"<p>F\u00e1cil interpretaci\u00f3n de datos en Strava. Tambi\u00e9n podr\u00e1s comparar con el mismo recorrido realizado por otros usuarios<!-- AddThis Advanced Settings generic via filter on get_the_excerpt --><!-- AddThis Share Buttons generic via filter on get_the_excerpt --><\/p>\n"},"alt_text":"F\u00e1cil interpretaci\u00f3n de datos en Strava","media_type":"image","mime_type":"image\/png","media_details":{"width":588,"height":592,"file":"2017\/03\/STRAVA-2.png","sizes":{"thumbnail":{"file":"STRAVA-2-150x150.png","width":150,"height":150,"mime_type":"image\/png","source_url":"https:\/\/blogs.hoy.es\/correr-para-vivir\/wp-content\/uploads\/sites\/102\/2017\/03\/STRAVA-2-150x150.png"},"medium":{"file":"STRAVA-2-298x300.png","width":298,"height":300,"mime_type":"image\/png","source_url":"https:\/\/blogs.hoy.es\/correr-para-vivir\/wp-content\/uploads\/sites\/102\/2017\/03\/STRAVA-2-298x300.png"},"full":{"file":"STRAVA-2.png","width":588,"height":592,"mime_type":"image\/png","source_url":"https:\/\/blogs.hoy.es\/correr-para-vivir\/wp-content\/uploads\/sites\/102\/2017\/03\/STRAVA-2.png"}},"image_meta":{"aperture":"0","credit":"","camera":"","caption":"","created_timestamp":"0","copyright":"","focal_length":"0","iso":"0","shutter_speed":"0","title":"","orientation":"0","keywords":[]}},"post":162,"source_url":"https:\/\/blogs.hoy.es\/correr-para-vivir\/wp-content\/uploads\/sites\/102\/2017\/03\/STRAVA-2.png","_links":{"self":[{"href":"https:\/\/blogs.hoy.es\/correr-para-vivir\/wp-json\/wp\/v2\/media\/163"}],"collection":[{"href":"https:\/\/blogs.hoy.es\/correr-para-vivir\/wp-json\/wp\/v2\/media"}],"about":[{"href":"https:\/\/blogs.hoy.es\/correr-para-vivir\/wp-json\/wp\/v2\/types\/attachment"}],"author":[{"embeddable":true,"href":"https:\/\/blogs.hoy.es\/correr-para-vivir\/wp-json\/wp\/v2\/users\/124"}],"replies":[{"embeddable":true,"href":"https:\/\/blogs.hoy.es\/correr-para-vivir\/wp-json\/wp\/v2\/comments?post=163"}]}}

Fácil interpretación de datos en Strava

<p class="attachment"><a href="https://static-blogs.hoy.es/wp-content/uploads/sites/102/2017/03/STRAVA-2.png"><img width="298" height="300" src="https://static-blogs.hoy.es/wp-content/uploads/sites/102/2017/03/STRAVA-2-298x300.png" class="attachment-medium size-medium" alt="Fácil interpretación de datos en Strava" loading="lazy" srcset="https://static-blogs.hoy.es/wp-content/uploads/sites/102/2017/03/STRAVA-2-298x300.png 298w, https://static-blogs.hoy.es/wp-content/uploads/sites/102/2017/03/STRAVA-2-150x150.png 150w, https://static-blogs.hoy.es/wp-content/uploads/sites/102/2017/03/STRAVA-2.png 588w" sizes="(max-width: 298px) 100vw, 298px" /></a></p>
<p>Fácil interpretación de datos en Strava. También podrás comparar con el mismo recorrido realizado por otros usuarios</p>
<!-- AddThis Advanced Settings generic via filter on the_content --><!-- AddThis Share Buttons generic via filter on the_content -->

<p>Fácil interpretación de datos en Strava. También podrás comparar con el mismo recorrido realizado por otros usuarios<!-- AddThis Advanced Settings generic via filter on get_the_excerpt --><!-- AddThis Share Buttons generic via filter on get_the_excerpt --></p>
