{"id":296,"date":"2012-06-26T13:24:53","date_gmt":"2012-06-26T11:24:53","guid":{"rendered":"http:\/\/blogs.hoy.es\/lamiradaatenta\/wp-content\/uploads\/sites\/24\/2012\/06\/CHICAGUAPA21.jpg"},"modified":"2012-06-26T13:24:53","modified_gmt":"2012-06-26T11:24:53","slug":"chicaguapa21","status":"inherit","type":"attachment","link":"https:\/\/blogs.hoy.es\/lamiradaatenta\/2012\/06\/26\/para-descansar-fotos-de-moda\/chicaguapa21\/","title":{"rendered":"En las v\u00edas del tren, tratando de sacar el m\u00e1ximo aprovechamiento de la ambientaci\u00f3n y las luces naturales."},"author":3,"comment_status":"open","ping_status":"closed","template":"","meta":[],"description":{"rendered":"<p class=\"attachment\"><a href=\"https:\/\/static-blogs.hoy.es\/wp-content\/uploads\/sites\/24\/2012\/06\/CHICAGUAPA21.jpg\"><img width=\"300\" height=\"200\" src=\"https:\/\/static-blogs.hoy.es\/wp-content\/uploads\/sites\/24\/2012\/06\/CHICAGUAPA21-300x200.jpg\" class=\"attachment-medium size-medium\" alt=\"En las v\u00edas del tren, tratando de sacar el m\u00e1ximo aprovechamiento de la ambientaci\u00f3n y las luces naturales.\" loading=\"lazy\" srcset=\"https:\/\/static-blogs.hoy.es\/wp-content\/uploads\/sites\/24\/2012\/06\/CHICAGUAPA21-300x200.jpg 300w, https:\/\/static-blogs.hoy.es\/wp-content\/uploads\/sites\/24\/2012\/06\/CHICAGUAPA21-150x100.jpg 150w, https:\/\/static-blogs.hoy.es\/wp-content\/uploads\/sites\/24\/2012\/06\/CHICAGUAPA21-768x512.jpg 768w, https:\/\/static-blogs.hoy.es\/wp-content\/uploads\/sites\/24\/2012\/06\/CHICAGUAPA21-650x433.jpg 650w, https:\/\/static-blogs.hoy.es\/wp-content\/uploads\/sites\/24\/2012\/06\/CHICAGUAPA21.jpg 900w\" sizes=\"(max-width: 300px) 100vw, 300px\" \/><\/a><\/p>\n<p>En las v\u00edas del tren, tratando de sacar el m\u00e1ximo aprovechamiento de la ambientaci\u00f3n y las luces naturales.<\/p>\n<!-- AddThis Advanced Settings generic via filter on the_content --><!-- AddThis Share Buttons generic via filter on the_content -->"},"caption":{"rendered":"<p>En las v\u00edas del tren, tratando de sacar el m\u00e1ximo aprovechamiento de la ambientaci\u00f3n y las luces naturales.<!-- AddThis Advanced Settings generic via filter on get_the_excerpt --><!-- AddThis Share Buttons generic via filter on get_the_excerpt --><\/p>\n"},"alt_text":"En las v\u00edas del tren, tratando de sacar el m\u00e1ximo aprovechamiento de la ambientaci\u00f3n y las luces naturales.","media_type":"image","mime_type":"image\/jpeg","media_details":{"width":900,"height":600,"file":"2012\/06\/CHICAGUAPA21.jpg","sizes":{"thumbnail":{"file":"CHICAGUAPA21-150x100.jpg","width":150,"height":100,"mime_type":"image\/jpeg","source_url":"https:\/\/blogs.hoy.es\/lamiradaatenta\/wp-content\/uploads\/sites\/24\/2012\/06\/CHICAGUAPA21-150x100.jpg"},"medium":{"file":"CHICAGUAPA21-300x200.jpg","width":300,"height":200,"mime_type":"image\/jpeg","source_url":"https:\/\/blogs.hoy.es\/lamiradaatenta\/wp-content\/uploads\/sites\/24\/2012\/06\/CHICAGUAPA21-300x200.jpg"},"medium_large":{"file":"CHICAGUAPA21-768x512.jpg","width":768,"height":512,"mime_type":"image\/jpeg","source_url":"https:\/\/blogs.hoy.es\/lamiradaatenta\/wp-content\/uploads\/sites\/24\/2012\/06\/CHICAGUAPA21-768x512.jpg"},"large":{"file":"CHICAGUAPA21-650x433.jpg","width":650,"height":433,"mime_type":"image\/jpeg","source_url":"https:\/\/blogs.hoy.es\/lamiradaatenta\/wp-content\/uploads\/sites\/24\/2012\/06\/CHICAGUAPA21-650x433.jpg"},"full":{"file":"CHICAGUAPA21.jpg","width":900,"height":600,"mime_type":"image\/jpeg","source_url":"https:\/\/blogs.hoy.es\/lamiradaatenta\/wp-content\/uploads\/sites\/24\/2012\/06\/CHICAGUAPA21.jpg"}},"image_meta":{"aperture":"10","credit":"Lorenzo Cordero","camera":"Canon EOS 60D","caption":"","created_timestamp":"1335552898","copyright":"","focal_length":"16","iso":"400","shutter_speed":"0.004","title":"","orientation":"1","keywords":[]}},"post":292,"source_url":"https:\/\/blogs.hoy.es\/lamiradaatenta\/wp-content\/uploads\/sites\/24\/2012\/06\/CHICAGUAPA21.jpg","_links":{"self":[{"href":"https:\/\/blogs.hoy.es\/lamiradaatenta\/wp-json\/wp\/v2\/media\/296"}],"collection":[{"href":"https:\/\/blogs.hoy.es\/lamiradaatenta\/wp-json\/wp\/v2\/media"}],"about":[{"href":"https:\/\/blogs.hoy.es\/lamiradaatenta\/wp-json\/wp\/v2\/types\/attachment"}],"author":[{"embeddable":true,"href":"https:\/\/blogs.hoy.es\/lamiradaatenta\/wp-json\/wp\/v2\/users\/3"}],"replies":[{"embeddable":true,"href":"https:\/\/blogs.hoy.es\/lamiradaatenta\/wp-json\/wp\/v2\/comments?post=296"}]}}

En las vías del tren, tratando de sacar el máximo aprovechamiento de la ambientación y las luces naturales.

<p class="attachment"><a href="https://static-blogs.hoy.es/wp-content/uploads/sites/24/2012/06/CHICAGUAPA21.jpg"><img width="300" height="200" src="https://static-blogs.hoy.es/wp-content/uploads/sites/24/2012/06/CHICAGUAPA21-300x200.jpg" class="attachment-medium size-medium" alt="En las vías del tren, tratando de sacar el máximo aprovechamiento de la ambientación y las luces naturales." loading="lazy" srcset="https://static-blogs.hoy.es/wp-content/uploads/sites/24/2012/06/CHICAGUAPA21-300x200.jpg 300w, https://static-blogs.hoy.es/wp-content/uploads/sites/24/2012/06/CHICAGUAPA21-150x100.jpg 150w, https://static-blogs.hoy.es/wp-content/uploads/sites/24/2012/06/CHICAGUAPA21-768x512.jpg 768w, https://static-blogs.hoy.es/wp-content/uploads/sites/24/2012/06/CHICAGUAPA21-650x433.jpg 650w, https://static-blogs.hoy.es/wp-content/uploads/sites/24/2012/06/CHICAGUAPA21.jpg 900w" sizes="(max-width: 300px) 100vw, 300px" /></a></p>
<p>En las vías del tren, tratando de sacar el máximo aprovechamiento de la ambientación y las luces naturales.</p>
<!-- AddThis Advanced Settings generic via filter on the_content --><!-- AddThis Share Buttons generic via filter on the_content -->

<p>En las vías del tren, tratando de sacar el máximo aprovechamiento de la ambientación y las luces naturales.<!-- AddThis Advanced Settings generic via filter on get_the_excerpt --><!-- AddThis Share Buttons generic via filter on get_the_excerpt --></p>
