{"id":301,"date":"2012-06-28T20:39:43","date_gmt":"2012-06-28T18:39:43","guid":{"rendered":"http:\/\/blogs.hoy.es\/lamiradaatenta\/wp-content\/uploads\/sites\/24\/2012\/06\/scott2.jpg"},"modified":"2012-06-28T20:39:43","modified_gmt":"2012-06-28T18:39:43","slug":"scott2","status":"inherit","type":"attachment","link":"https:\/\/blogs.hoy.es\/lamiradaatenta\/2012\/06\/28\/el-dia-en-que-depardieu-se-le-ofrecio-a-lorenzo-cordero\/scott2\/","title":{"rendered":"Ridley Scott grabando en C\u00e1ceres la pel\u00edcula sobre Col\u00f3n (1991)."},"author":3,"comment_status":"open","ping_status":"closed","template":"","meta":[],"description":{"rendered":"<p class=\"attachment\"><a href=\"https:\/\/static-blogs.hoy.es\/wp-content\/uploads\/sites\/24\/2012\/06\/scott2.jpg\"><img width=\"300\" height=\"203\" src=\"https:\/\/static-blogs.hoy.es\/wp-content\/uploads\/sites\/24\/2012\/06\/scott2-300x203.jpg\" class=\"attachment-medium size-medium\" alt=\"Ridley Scott grabando en C\u00e1ceres la pel\u00edcula sobre Col\u00f3n (1991).\" loading=\"lazy\" srcset=\"https:\/\/static-blogs.hoy.es\/wp-content\/uploads\/sites\/24\/2012\/06\/scott2-300x203.jpg 300w, https:\/\/static-blogs.hoy.es\/wp-content\/uploads\/sites\/24\/2012\/06\/scott2-150x101.jpg 150w, https:\/\/static-blogs.hoy.es\/wp-content\/uploads\/sites\/24\/2012\/06\/scott2-768x519.jpg 768w, https:\/\/static-blogs.hoy.es\/wp-content\/uploads\/sites\/24\/2012\/06\/scott2-650x440.jpg 650w\" sizes=\"(max-width: 300px) 100vw, 300px\" \/><\/a><\/p>\n<p>Ridley Scott grabando en C\u00e1ceres la pel\u00edcula sobre Col\u00f3n (1991).<\/p>\n<!-- AddThis Advanced Settings generic via filter on the_content --><!-- AddThis Share Buttons generic via filter on the_content -->"},"caption":{"rendered":"<p>Ridley Scott grabando en C\u00e1ceres la pel\u00edcula sobre Col\u00f3n (1991).<!-- AddThis Advanced Settings generic via filter on get_the_excerpt --><!-- AddThis Share Buttons generic via filter on get_the_excerpt --><\/p>\n"},"alt_text":"Ridley Scott grabando en C\u00e1ceres la pel\u00edcula sobre Col\u00f3n (1991).","media_type":"image","mime_type":"image\/jpeg","media_details":{"width":3039,"height":2055,"file":"2012\/06\/scott2.jpg","sizes":{"thumbnail":{"file":"scott2-150x101.jpg","width":150,"height":101,"mime_type":"image\/jpeg","source_url":"https:\/\/blogs.hoy.es\/lamiradaatenta\/wp-content\/uploads\/sites\/24\/2012\/06\/scott2-150x101.jpg"},"medium":{"file":"scott2-300x203.jpg","width":300,"height":203,"mime_type":"image\/jpeg","source_url":"https:\/\/blogs.hoy.es\/lamiradaatenta\/wp-content\/uploads\/sites\/24\/2012\/06\/scott2-300x203.jpg"},"medium_large":{"file":"scott2-768x519.jpg","width":768,"height":519,"mime_type":"image\/jpeg","source_url":"https:\/\/blogs.hoy.es\/lamiradaatenta\/wp-content\/uploads\/sites\/24\/2012\/06\/scott2-768x519.jpg"},"large":{"file":"scott2-650x440.jpg","width":650,"height":440,"mime_type":"image\/jpeg","source_url":"https:\/\/blogs.hoy.es\/lamiradaatenta\/wp-content\/uploads\/sites\/24\/2012\/06\/scott2-650x440.jpg"},"full":{"file":"scott2.jpg","width":3039,"height":2055,"mime_type":"image\/jpeg","source_url":"https:\/\/blogs.hoy.es\/lamiradaatenta\/wp-content\/uploads\/sites\/24\/2012\/06\/scott2.jpg"}},"image_meta":{"aperture":"0","credit":"","camera":"","caption":"","created_timestamp":"0","copyright":"","focal_length":"0","iso":"0","shutter_speed":"0","title":"","orientation":"1","keywords":[]}},"post":299,"source_url":"https:\/\/blogs.hoy.es\/lamiradaatenta\/wp-content\/uploads\/sites\/24\/2012\/06\/scott2.jpg","_links":{"self":[{"href":"https:\/\/blogs.hoy.es\/lamiradaatenta\/wp-json\/wp\/v2\/media\/301"}],"collection":[{"href":"https:\/\/blogs.hoy.es\/lamiradaatenta\/wp-json\/wp\/v2\/media"}],"about":[{"href":"https:\/\/blogs.hoy.es\/lamiradaatenta\/wp-json\/wp\/v2\/types\/attachment"}],"author":[{"embeddable":true,"href":"https:\/\/blogs.hoy.es\/lamiradaatenta\/wp-json\/wp\/v2\/users\/3"}],"replies":[{"embeddable":true,"href":"https:\/\/blogs.hoy.es\/lamiradaatenta\/wp-json\/wp\/v2\/comments?post=301"}]}}

Ridley Scott grabando en Cáceres la película sobre Colón (1991).

<p class="attachment"><a href="https://static-blogs.hoy.es/wp-content/uploads/sites/24/2012/06/scott2.jpg"><img width="300" height="203" src="https://static-blogs.hoy.es/wp-content/uploads/sites/24/2012/06/scott2-300x203.jpg" class="attachment-medium size-medium" alt="Ridley Scott grabando en Cáceres la película sobre Colón (1991)." loading="lazy" srcset="https://static-blogs.hoy.es/wp-content/uploads/sites/24/2012/06/scott2-300x203.jpg 300w, https://static-blogs.hoy.es/wp-content/uploads/sites/24/2012/06/scott2-150x101.jpg 150w, https://static-blogs.hoy.es/wp-content/uploads/sites/24/2012/06/scott2-768x519.jpg 768w, https://static-blogs.hoy.es/wp-content/uploads/sites/24/2012/06/scott2-650x440.jpg 650w" sizes="(max-width: 300px) 100vw, 300px" /></a></p>
<p>Ridley Scott grabando en Cáceres la película sobre Colón (1991).</p>
<!-- AddThis Advanced Settings generic via filter on the_content --><!-- AddThis Share Buttons generic via filter on the_content -->

<p>Ridley Scott grabando en Cáceres la película sobre Colón (1991).<!-- AddThis Advanced Settings generic via filter on get_the_excerpt --><!-- AddThis Share Buttons generic via filter on get_the_excerpt --></p>
