{"id":302,"date":"2012-06-28T20:44:52","date_gmt":"2012-06-28T18:44:52","guid":{"rendered":"http:\/\/blogs.hoy.es\/lamiradaatenta\/wp-content\/uploads\/sites\/24\/2012\/06\/depardieu.jpg"},"modified":"2012-06-28T20:44:52","modified_gmt":"2012-06-28T18:44:52","slug":"depardieu","status":"inherit","type":"attachment","link":"https:\/\/blogs.hoy.es\/lamiradaatenta\/2012\/06\/28\/el-dia-en-que-depardieu-se-le-ofrecio-a-lorenzo-cordero\/depardieu\/","title":{"rendered":"Gerard Depardieu con Enrique Caldera, ya fallecido, durante su rodaje en C\u00e1ceres de la pel\u00edcula sobre Col\u00f3n (1991)."},"author":3,"comment_status":"open","ping_status":"closed","template":"","meta":[],"description":{"rendered":"<p class=\"attachment\"><a href=\"https:\/\/static-blogs.hoy.es\/wp-content\/uploads\/sites\/24\/2012\/06\/depardieu.jpg\"><img width=\"300\" height=\"222\" src=\"https:\/\/static-blogs.hoy.es\/wp-content\/uploads\/sites\/24\/2012\/06\/depardieu-300x222.jpg\" class=\"attachment-medium size-medium\" alt=\"Gerard Depardieu con Enrique Caldera, ya fallecido, durante su rodaje en C\u00e1ceres de la pel\u00edcula sobre Col\u00f3n (1991).\" loading=\"lazy\" srcset=\"https:\/\/static-blogs.hoy.es\/wp-content\/uploads\/sites\/24\/2012\/06\/depardieu-300x222.jpg 300w, https:\/\/static-blogs.hoy.es\/wp-content\/uploads\/sites\/24\/2012\/06\/depardieu-150x111.jpg 150w, https:\/\/static-blogs.hoy.es\/wp-content\/uploads\/sites\/24\/2012\/06\/depardieu-768x567.jpg 768w, https:\/\/static-blogs.hoy.es\/wp-content\/uploads\/sites\/24\/2012\/06\/depardieu-650x480.jpg 650w\" sizes=\"(max-width: 300px) 100vw, 300px\" \/><\/a><\/p>\n<p>Gerard Depardieu con Enrique Caldera, ya fallecido, durante su rodaje en C\u00e1ceres de la pel\u00edcula sobre Col\u00f3n (1991).<\/p>\n<!-- AddThis Advanced Settings generic via filter on the_content --><!-- AddThis Share Buttons generic via filter on the_content -->"},"caption":{"rendered":"<p>Gerard Depardieu con Enrique Caldera, ya fallecido, durante su rodaje en C\u00e1ceres de la pel\u00edcula sobre Col\u00f3n (1991).<!-- AddThis Advanced Settings generic via filter on get_the_excerpt --><!-- AddThis Share Buttons generic via filter on get_the_excerpt --><\/p>\n"},"alt_text":"Gerard Depardieu con Enrique Caldera, ya fallecido, durante su rodaje en C\u00e1ceres de la pel\u00edcula sobre Col\u00f3n (1991).","media_type":"image","mime_type":"image\/jpeg","media_details":{"width":2832,"height":2092,"file":"2012\/06\/depardieu.jpg","sizes":{"thumbnail":{"file":"depardieu-150x111.jpg","width":150,"height":111,"mime_type":"image\/jpeg","source_url":"https:\/\/blogs.hoy.es\/lamiradaatenta\/wp-content\/uploads\/sites\/24\/2012\/06\/depardieu-150x111.jpg"},"medium":{"file":"depardieu-300x222.jpg","width":300,"height":222,"mime_type":"image\/jpeg","source_url":"https:\/\/blogs.hoy.es\/lamiradaatenta\/wp-content\/uploads\/sites\/24\/2012\/06\/depardieu-300x222.jpg"},"medium_large":{"file":"depardieu-768x567.jpg","width":768,"height":567,"mime_type":"image\/jpeg","source_url":"https:\/\/blogs.hoy.es\/lamiradaatenta\/wp-content\/uploads\/sites\/24\/2012\/06\/depardieu-768x567.jpg"},"large":{"file":"depardieu-650x480.jpg","width":650,"height":480,"mime_type":"image\/jpeg","source_url":"https:\/\/blogs.hoy.es\/lamiradaatenta\/wp-content\/uploads\/sites\/24\/2012\/06\/depardieu-650x480.jpg"},"full":{"file":"depardieu.jpg","width":2832,"height":2092,"mime_type":"image\/jpeg","source_url":"https:\/\/blogs.hoy.es\/lamiradaatenta\/wp-content\/uploads\/sites\/24\/2012\/06\/depardieu.jpg"}},"image_meta":{"aperture":"0","credit":"","camera":"","caption":"","created_timestamp":"0","copyright":"","focal_length":"0","iso":"0","shutter_speed":"0","title":"","orientation":"1","keywords":[]}},"post":299,"source_url":"https:\/\/blogs.hoy.es\/lamiradaatenta\/wp-content\/uploads\/sites\/24\/2012\/06\/depardieu.jpg","_links":{"self":[{"href":"https:\/\/blogs.hoy.es\/lamiradaatenta\/wp-json\/wp\/v2\/media\/302"}],"collection":[{"href":"https:\/\/blogs.hoy.es\/lamiradaatenta\/wp-json\/wp\/v2\/media"}],"about":[{"href":"https:\/\/blogs.hoy.es\/lamiradaatenta\/wp-json\/wp\/v2\/types\/attachment"}],"author":[{"embeddable":true,"href":"https:\/\/blogs.hoy.es\/lamiradaatenta\/wp-json\/wp\/v2\/users\/3"}],"replies":[{"embeddable":true,"href":"https:\/\/blogs.hoy.es\/lamiradaatenta\/wp-json\/wp\/v2\/comments?post=302"}]}}

Gerard Depardieu con Enrique Caldera, ya fallecido, durante su rodaje en Cáceres de la película sobre Colón (1991).

<p class="attachment"><a href="https://static-blogs.hoy.es/wp-content/uploads/sites/24/2012/06/depardieu.jpg"><img width="300" height="222" src="https://static-blogs.hoy.es/wp-content/uploads/sites/24/2012/06/depardieu-300x222.jpg" class="attachment-medium size-medium" alt="Gerard Depardieu con Enrique Caldera, ya fallecido, durante su rodaje en Cáceres de la película sobre Colón (1991)." loading="lazy" srcset="https://static-blogs.hoy.es/wp-content/uploads/sites/24/2012/06/depardieu-300x222.jpg 300w, https://static-blogs.hoy.es/wp-content/uploads/sites/24/2012/06/depardieu-150x111.jpg 150w, https://static-blogs.hoy.es/wp-content/uploads/sites/24/2012/06/depardieu-768x567.jpg 768w, https://static-blogs.hoy.es/wp-content/uploads/sites/24/2012/06/depardieu-650x480.jpg 650w" sizes="(max-width: 300px) 100vw, 300px" /></a></p>
<p>Gerard Depardieu con Enrique Caldera, ya fallecido, durante su rodaje en Cáceres de la película sobre Colón (1991).</p>
<!-- AddThis Advanced Settings generic via filter on the_content --><!-- AddThis Share Buttons generic via filter on the_content -->

<p>Gerard Depardieu con Enrique Caldera, ya fallecido, durante su rodaje en Cáceres de la película sobre Colón (1991).<!-- AddThis Advanced Settings generic via filter on get_the_excerpt --><!-- AddThis Share Buttons generic via filter on get_the_excerpt --></p>
