{"id":311,"date":"2012-07-03T18:44:21","date_gmt":"2012-07-03T16:44:21","guid":{"rendered":"http:\/\/blogs.hoy.es\/lamiradaatenta\/wp-content\/uploads\/sites\/24\/2012\/07\/guadiloballeno.jpg"},"modified":"2012-07-03T18:44:21","modified_gmt":"2012-07-03T16:44:21","slug":"guadiloballeno","status":"inherit","type":"attachment","link":"https:\/\/blogs.hoy.es\/lamiradaatenta\/2012\/07\/03\/el-agua-como-noticia-de-la-sequia-a-la-inundacion\/guadiloballeno\/","title":{"rendered":"El embalse del Guadioloba con las compuertas abiertas en 1997, a punto de desbordarse."},"author":3,"comment_status":"open","ping_status":"closed","template":"","meta":[],"description":{"rendered":"<p class=\"attachment\"><a href=\"https:\/\/static-blogs.hoy.es\/wp-content\/uploads\/sites\/24\/2012\/07\/guadiloballeno.jpg\"><img width=\"300\" height=\"204\" src=\"https:\/\/static-blogs.hoy.es\/wp-content\/uploads\/sites\/24\/2012\/07\/guadiloballeno-300x204.jpg\" class=\"attachment-medium size-medium\" alt=\"El embalse del Guadiloba cas\u00ed vac\u00edo durante la sequ\u00eda de 1991.\" loading=\"lazy\" srcset=\"https:\/\/static-blogs.hoy.es\/wp-content\/uploads\/sites\/24\/2012\/07\/guadiloballeno-300x204.jpg 300w, https:\/\/static-blogs.hoy.es\/wp-content\/uploads\/sites\/24\/2012\/07\/guadiloballeno-150x102.jpg 150w, https:\/\/static-blogs.hoy.es\/wp-content\/uploads\/sites\/24\/2012\/07\/guadiloballeno-768x522.jpg 768w, https:\/\/static-blogs.hoy.es\/wp-content\/uploads\/sites\/24\/2012\/07\/guadiloballeno-650x442.jpg 650w, https:\/\/static-blogs.hoy.es\/wp-content\/uploads\/sites\/24\/2012\/07\/guadiloballeno.jpg 1837w\" sizes=\"(max-width: 300px) 100vw, 300px\" \/><\/a><\/p>\n<p>El embalse del Guadiloba cas\u00ed vac\u00edo durante la sequ\u00eda de 1991.<\/p>\n<!-- AddThis Advanced Settings generic via filter on the_content --><!-- AddThis Share Buttons generic via filter on the_content -->"},"caption":{"rendered":"<p>El embalse del Guadiloba cas\u00ed vac\u00edo durante la sequ\u00eda de 1991.<!-- AddThis Advanced Settings generic via filter on get_the_excerpt --><!-- AddThis Share Buttons generic via filter on get_the_excerpt --><\/p>\n"},"alt_text":"El embalse del Guadiloba cas\u00ed vac\u00edo durante la sequ\u00eda de 1991.","media_type":"image","mime_type":"image\/jpeg","media_details":{"width":1837,"height":1249,"file":"2012\/07\/guadiloballeno.jpg","sizes":{"thumbnail":{"file":"guadiloballeno-150x102.jpg","width":150,"height":102,"mime_type":"image\/jpeg","source_url":"https:\/\/blogs.hoy.es\/lamiradaatenta\/wp-content\/uploads\/sites\/24\/2012\/07\/guadiloballeno-150x102.jpg"},"medium":{"file":"guadiloballeno-300x204.jpg","width":300,"height":204,"mime_type":"image\/jpeg","source_url":"https:\/\/blogs.hoy.es\/lamiradaatenta\/wp-content\/uploads\/sites\/24\/2012\/07\/guadiloballeno-300x204.jpg"},"medium_large":{"file":"guadiloballeno-768x522.jpg","width":768,"height":522,"mime_type":"image\/jpeg","source_url":"https:\/\/blogs.hoy.es\/lamiradaatenta\/wp-content\/uploads\/sites\/24\/2012\/07\/guadiloballeno-768x522.jpg"},"large":{"file":"guadiloballeno-650x442.jpg","width":650,"height":442,"mime_type":"image\/jpeg","source_url":"https:\/\/blogs.hoy.es\/lamiradaatenta\/wp-content\/uploads\/sites\/24\/2012\/07\/guadiloballeno-650x442.jpg"},"full":{"file":"guadiloballeno.jpg","width":1837,"height":1249,"mime_type":"image\/jpeg","source_url":"https:\/\/blogs.hoy.es\/lamiradaatenta\/wp-content\/uploads\/sites\/24\/2012\/07\/guadiloballeno.jpg"}},"image_meta":{"aperture":"0","credit":"","camera":"","caption":"","created_timestamp":"0","copyright":"","focal_length":"0","iso":"0","shutter_speed":"0","title":"","orientation":"1","keywords":[]}},"post":309,"source_url":"https:\/\/blogs.hoy.es\/lamiradaatenta\/wp-content\/uploads\/sites\/24\/2012\/07\/guadiloballeno.jpg","_links":{"self":[{"href":"https:\/\/blogs.hoy.es\/lamiradaatenta\/wp-json\/wp\/v2\/media\/311"}],"collection":[{"href":"https:\/\/blogs.hoy.es\/lamiradaatenta\/wp-json\/wp\/v2\/media"}],"about":[{"href":"https:\/\/blogs.hoy.es\/lamiradaatenta\/wp-json\/wp\/v2\/types\/attachment"}],"author":[{"embeddable":true,"href":"https:\/\/blogs.hoy.es\/lamiradaatenta\/wp-json\/wp\/v2\/users\/3"}],"replies":[{"embeddable":true,"href":"https:\/\/blogs.hoy.es\/lamiradaatenta\/wp-json\/wp\/v2\/comments?post=311"}]}}

<p class="attachment"><a href="https://static-blogs.hoy.es/wp-content/uploads/sites/24/2012/07/guadiloballeno.jpg"><img width="300" height="204" src="https://static-blogs.hoy.es/wp-content/uploads/sites/24/2012/07/guadiloballeno-300x204.jpg" class="attachment-medium size-medium" alt="El embalse del Guadiloba casí vacío durante la sequía de 1991." loading="lazy" srcset="https://static-blogs.hoy.es/wp-content/uploads/sites/24/2012/07/guadiloballeno-300x204.jpg 300w, https://static-blogs.hoy.es/wp-content/uploads/sites/24/2012/07/guadiloballeno-150x102.jpg 150w, https://static-blogs.hoy.es/wp-content/uploads/sites/24/2012/07/guadiloballeno-768x522.jpg 768w, https://static-blogs.hoy.es/wp-content/uploads/sites/24/2012/07/guadiloballeno-650x442.jpg 650w, https://static-blogs.hoy.es/wp-content/uploads/sites/24/2012/07/guadiloballeno.jpg 1837w" sizes="(max-width: 300px) 100vw, 300px" /></a></p>
<p>El embalse del Guadiloba casí vacío durante la sequía de 1991.</p>
<!-- AddThis Advanced Settings generic via filter on the_content --><!-- AddThis Share Buttons generic via filter on the_content -->

<p>El embalse del Guadiloba casí vacío durante la sequía de 1991.<!-- AddThis Advanced Settings generic via filter on get_the_excerpt --><!-- AddThis Share Buttons generic via filter on get_the_excerpt --></p>

El embalse del Guadiloba casí vacío durante la sequía de 1991.
