{"id":325,"date":"2012-07-06T20:07:45","date_gmt":"2012-07-06T18:07:45","guid":{"rendered":"http:\/\/blogs.hoy.es\/lamiradaatenta\/wp-content\/uploads\/sites\/24\/2012\/07\/VIA-LACTEA.jpg"},"modified":"2012-07-06T20:07:45","modified_gmt":"2012-07-06T18:07:45","slug":"via-lactea","status":"inherit","type":"attachment","link":"https:\/\/blogs.hoy.es\/lamiradaatenta\/2012\/07\/06\/colgado-del-cielo\/via-lactea\/","title":{"rendered":"Imagen de la V\u00eda L\u00e1ctea con las luces de M\u00e9rida al fondo. La fotograf\u00eda a\u00fan no es perfecta, pero va mejorando."},"author":3,"comment_status":"open","ping_status":"closed","template":"","meta":[],"description":{"rendered":"<p class=\"attachment\"><a href=\"https:\/\/static-blogs.hoy.es\/wp-content\/uploads\/sites\/24\/2012\/07\/VIA-LACTEA.jpg\"><img width=\"200\" height=\"300\" src=\"https:\/\/static-blogs.hoy.es\/wp-content\/uploads\/sites\/24\/2012\/07\/VIA-LACTEA-200x300.jpg\" class=\"attachment-medium size-medium\" alt=\"Imagen de la V\u00eda L\u00e1ctea con las luces de M\u00e9rida al fondo. La fotograf\u00eda a\u00fan no es perfecta, pero va mejorando.\" loading=\"lazy\" srcset=\"https:\/\/static-blogs.hoy.es\/wp-content\/uploads\/sites\/24\/2012\/07\/VIA-LACTEA-200x300.jpg 200w, https:\/\/static-blogs.hoy.es\/wp-content\/uploads\/sites\/24\/2012\/07\/VIA-LACTEA-100x150.jpg 100w, https:\/\/static-blogs.hoy.es\/wp-content\/uploads\/sites\/24\/2012\/07\/VIA-LACTEA-768x1152.jpg 768w, https:\/\/static-blogs.hoy.es\/wp-content\/uploads\/sites\/24\/2012\/07\/VIA-LACTEA-650x975.jpg 650w, https:\/\/static-blogs.hoy.es\/wp-content\/uploads\/sites\/24\/2012\/07\/VIA-LACTEA.jpg 1575w\" sizes=\"(max-width: 200px) 100vw, 200px\" \/><\/a><\/p>\n<p>Imagen de la V\u00eda L\u00e1ctea con las luces de M\u00e9rida al fondo. La fotograf\u00eda a\u00fan no es perfecta, pero va mejorando.<\/p>\n<!-- AddThis Advanced Settings generic via filter on the_content --><!-- AddThis Share Buttons generic via filter on the_content -->"},"caption":{"rendered":"<p>Imagen de la V\u00eda L\u00e1ctea con las luces de M\u00e9rida al fondo. La fotograf\u00eda a\u00fan no es perfecta, pero va mejorando.<!-- AddThis Advanced Settings generic via filter on get_the_excerpt --><!-- AddThis Share Buttons generic via filter on get_the_excerpt --><\/p>\n"},"alt_text":"Imagen de la V\u00eda L\u00e1ctea con las luces de M\u00e9rida al fondo. La fotograf\u00eda a\u00fan no es perfecta, pero va mejorando.","media_type":"image","mime_type":"image\/jpeg","media_details":{"width":1575,"height":2362,"file":"2012\/07\/VIA-LACTEA.jpg","sizes":{"thumbnail":{"file":"VIA-LACTEA-100x150.jpg","width":100,"height":150,"mime_type":"image\/jpeg","source_url":"https:\/\/blogs.hoy.es\/lamiradaatenta\/wp-content\/uploads\/sites\/24\/2012\/07\/VIA-LACTEA-100x150.jpg"},"medium":{"file":"VIA-LACTEA-200x300.jpg","width":200,"height":300,"mime_type":"image\/jpeg","source_url":"https:\/\/blogs.hoy.es\/lamiradaatenta\/wp-content\/uploads\/sites\/24\/2012\/07\/VIA-LACTEA-200x300.jpg"},"medium_large":{"file":"VIA-LACTEA-768x1152.jpg","width":768,"height":1152,"mime_type":"image\/jpeg","source_url":"https:\/\/blogs.hoy.es\/lamiradaatenta\/wp-content\/uploads\/sites\/24\/2012\/07\/VIA-LACTEA-768x1152.jpg"},"large":{"file":"VIA-LACTEA-650x975.jpg","width":650,"height":975,"mime_type":"image\/jpeg","source_url":"https:\/\/blogs.hoy.es\/lamiradaatenta\/wp-content\/uploads\/sites\/24\/2012\/07\/VIA-LACTEA-650x975.jpg"},"full":{"file":"VIA-LACTEA.jpg","width":1575,"height":2362,"mime_type":"image\/jpeg","source_url":"https:\/\/blogs.hoy.es\/lamiradaatenta\/wp-content\/uploads\/sites\/24\/2012\/07\/VIA-LACTEA.jpg"}},"image_meta":{"aperture":"2.8","credit":"","camera":"Canon EOS 40D","caption":"","created_timestamp":"1278720000","copyright":"","focal_length":"27","iso":"640","shutter_speed":"120","title":"","orientation":"1","keywords":[]}},"post":319,"source_url":"https:\/\/blogs.hoy.es\/lamiradaatenta\/wp-content\/uploads\/sites\/24\/2012\/07\/VIA-LACTEA.jpg","_links":{"self":[{"href":"https:\/\/blogs.hoy.es\/lamiradaatenta\/wp-json\/wp\/v2\/media\/325"}],"collection":[{"href":"https:\/\/blogs.hoy.es\/lamiradaatenta\/wp-json\/wp\/v2\/media"}],"about":[{"href":"https:\/\/blogs.hoy.es\/lamiradaatenta\/wp-json\/wp\/v2\/types\/attachment"}],"author":[{"embeddable":true,"href":"https:\/\/blogs.hoy.es\/lamiradaatenta\/wp-json\/wp\/v2\/users\/3"}],"replies":[{"embeddable":true,"href":"https:\/\/blogs.hoy.es\/lamiradaatenta\/wp-json\/wp\/v2\/comments?post=325"}]}}

Imagen de la Vía Láctea con las luces de Mérida al fondo. La fotografía aún no es perfecta, pero va mejorando.

<p class="attachment"><a href="https://static-blogs.hoy.es/wp-content/uploads/sites/24/2012/07/VIA-LACTEA.jpg"><img width="200" height="300" src="https://static-blogs.hoy.es/wp-content/uploads/sites/24/2012/07/VIA-LACTEA-200x300.jpg" class="attachment-medium size-medium" alt="Imagen de la Vía Láctea con las luces de Mérida al fondo. La fotografía aún no es perfecta, pero va mejorando." loading="lazy" srcset="https://static-blogs.hoy.es/wp-content/uploads/sites/24/2012/07/VIA-LACTEA-200x300.jpg 200w, https://static-blogs.hoy.es/wp-content/uploads/sites/24/2012/07/VIA-LACTEA-100x150.jpg 100w, https://static-blogs.hoy.es/wp-content/uploads/sites/24/2012/07/VIA-LACTEA-768x1152.jpg 768w, https://static-blogs.hoy.es/wp-content/uploads/sites/24/2012/07/VIA-LACTEA-650x975.jpg 650w, https://static-blogs.hoy.es/wp-content/uploads/sites/24/2012/07/VIA-LACTEA.jpg 1575w" sizes="(max-width: 200px) 100vw, 200px" /></a></p>
<p>Imagen de la Vía Láctea con las luces de Mérida al fondo. La fotografía aún no es perfecta, pero va mejorando.</p>
<!-- AddThis Advanced Settings generic via filter on the_content --><!-- AddThis Share Buttons generic via filter on the_content -->

<p>Imagen de la Vía Láctea con las luces de Mérida al fondo. La fotografía aún no es perfecta, pero va mejorando.<!-- AddThis Advanced Settings generic via filter on get_the_excerpt --><!-- AddThis Share Buttons generic via filter on get_the_excerpt --></p>
