{"id":328,"date":"2012-07-10T19:47:35","date_gmt":"2012-07-10T17:47:35","guid":{"rendered":"http:\/\/blogs.hoy.es\/lamiradaatenta\/wp-content\/uploads\/sites\/24\/2012\/07\/LOREN_CHATARRA-01.jpg"},"modified":"2012-07-10T19:47:35","modified_gmt":"2012-07-10T17:47:35","slug":"loren_chatarra-01","status":"inherit","type":"attachment","link":"https:\/\/blogs.hoy.es\/lamiradaatenta\/2012\/07\/10\/chatarreros-invisibles-cada-vez-mas\/loren_chatarra-01\/","title":{"rendered":"Una mujer utiliza un carrito de ni\u00f1o para trasladar una ba\u00f1era por las calles c\u00e9ntricas de C\u00e1ceres."},"author":3,"comment_status":"open","ping_status":"closed","template":"","meta":[],"description":{"rendered":"<p class=\"attachment\"><a href=\"https:\/\/static-blogs.hoy.es\/wp-content\/uploads\/sites\/24\/2012\/07\/LOREN_CHATARRA-01.jpg\"><img width=\"300\" height=\"200\" src=\"https:\/\/static-blogs.hoy.es\/wp-content\/uploads\/sites\/24\/2012\/07\/LOREN_CHATARRA-01-300x200.jpg\" class=\"attachment-medium size-medium\" alt=\"Una mujer utiliza un carrito de ni\u00f1o para trasladar una ba\u00f1era por las calles c\u00e9ntricas de C\u00e1cer3es.\" loading=\"lazy\" srcset=\"https:\/\/static-blogs.hoy.es\/wp-content\/uploads\/sites\/24\/2012\/07\/LOREN_CHATARRA-01-300x200.jpg 300w, https:\/\/static-blogs.hoy.es\/wp-content\/uploads\/sites\/24\/2012\/07\/LOREN_CHATARRA-01-150x100.jpg 150w, https:\/\/static-blogs.hoy.es\/wp-content\/uploads\/sites\/24\/2012\/07\/LOREN_CHATARRA-01-768x512.jpg 768w, https:\/\/static-blogs.hoy.es\/wp-content\/uploads\/sites\/24\/2012\/07\/LOREN_CHATARRA-01-650x433.jpg 650w\" sizes=\"(max-width: 300px) 100vw, 300px\" \/><\/a><\/p>\n<p>Una mujer utiliza un carrito de ni\u00f1o para trasladar una ba\u00f1era por las calles c\u00e9ntricas de C\u00e1ceres.<\/p>\n<!-- AddThis Advanced Settings generic via filter on the_content --><!-- AddThis Share Buttons generic via filter on the_content -->"},"caption":{"rendered":"<p>Una mujer utiliza un carrito de ni\u00f1o para trasladar una ba\u00f1era por las calles c\u00e9ntricas de C\u00e1ceres.<!-- AddThis Advanced Settings generic via filter on get_the_excerpt --><!-- AddThis Share Buttons generic via filter on get_the_excerpt --><\/p>\n"},"alt_text":"Una mujer utiliza un carrito de ni\u00f1o para trasladar una ba\u00f1era por las calles c\u00e9ntricas de C\u00e1cer3es.","media_type":"image","mime_type":"image\/jpeg","media_details":{"width":2362,"height":1575,"file":"2012\/07\/LOREN_CHATARRA-01.jpg","sizes":{"thumbnail":{"file":"LOREN_CHATARRA-01-150x100.jpg","width":150,"height":100,"mime_type":"image\/jpeg","source_url":"https:\/\/blogs.hoy.es\/lamiradaatenta\/wp-content\/uploads\/sites\/24\/2012\/07\/LOREN_CHATARRA-01-150x100.jpg"},"medium":{"file":"LOREN_CHATARRA-01-300x200.jpg","width":300,"height":200,"mime_type":"image\/jpeg","source_url":"https:\/\/blogs.hoy.es\/lamiradaatenta\/wp-content\/uploads\/sites\/24\/2012\/07\/LOREN_CHATARRA-01-300x200.jpg"},"medium_large":{"file":"LOREN_CHATARRA-01-768x512.jpg","width":768,"height":512,"mime_type":"image\/jpeg","source_url":"https:\/\/blogs.hoy.es\/lamiradaatenta\/wp-content\/uploads\/sites\/24\/2012\/07\/LOREN_CHATARRA-01-768x512.jpg"},"large":{"file":"LOREN_CHATARRA-01-650x433.jpg","width":650,"height":433,"mime_type":"image\/jpeg","source_url":"https:\/\/blogs.hoy.es\/lamiradaatenta\/wp-content\/uploads\/sites\/24\/2012\/07\/LOREN_CHATARRA-01-650x433.jpg"},"full":{"file":"LOREN_CHATARRA-01.jpg","width":2362,"height":1575,"mime_type":"image\/jpeg","source_url":"https:\/\/blogs.hoy.es\/lamiradaatenta\/wp-content\/uploads\/sites\/24\/2012\/07\/LOREN_CHATARRA-01.jpg"}},"image_meta":{"aperture":"8","credit":"","camera":"Canon EOS-1D Mark II N","caption":"","created_timestamp":"1330012924","copyright":"","focal_length":"32","iso":"400","shutter_speed":"0.004","title":"","orientation":"1","keywords":[]}},"post":327,"source_url":"https:\/\/blogs.hoy.es\/lamiradaatenta\/wp-content\/uploads\/sites\/24\/2012\/07\/LOREN_CHATARRA-01.jpg","_links":{"self":[{"href":"https:\/\/blogs.hoy.es\/lamiradaatenta\/wp-json\/wp\/v2\/media\/328"}],"collection":[{"href":"https:\/\/blogs.hoy.es\/lamiradaatenta\/wp-json\/wp\/v2\/media"}],"about":[{"href":"https:\/\/blogs.hoy.es\/lamiradaatenta\/wp-json\/wp\/v2\/types\/attachment"}],"author":[{"embeddable":true,"href":"https:\/\/blogs.hoy.es\/lamiradaatenta\/wp-json\/wp\/v2\/users\/3"}],"replies":[{"embeddable":true,"href":"https:\/\/blogs.hoy.es\/lamiradaatenta\/wp-json\/wp\/v2\/comments?post=328"}]}}

Una mujer utiliza un carrito de niño para trasladar una bañera por las calles céntricas de Cáceres.

<p class="attachment"><a href="https://static-blogs.hoy.es/wp-content/uploads/sites/24/2012/07/LOREN_CHATARRA-01.jpg"><img width="300" height="200" src="https://static-blogs.hoy.es/wp-content/uploads/sites/24/2012/07/LOREN_CHATARRA-01-300x200.jpg" class="attachment-medium size-medium" alt="Una mujer utiliza un carrito de niño para trasladar una bañera por las calles céntricas de Cácer3es." loading="lazy" srcset="https://static-blogs.hoy.es/wp-content/uploads/sites/24/2012/07/LOREN_CHATARRA-01-300x200.jpg 300w, https://static-blogs.hoy.es/wp-content/uploads/sites/24/2012/07/LOREN_CHATARRA-01-150x100.jpg 150w, https://static-blogs.hoy.es/wp-content/uploads/sites/24/2012/07/LOREN_CHATARRA-01-768x512.jpg 768w, https://static-blogs.hoy.es/wp-content/uploads/sites/24/2012/07/LOREN_CHATARRA-01-650x433.jpg 650w" sizes="(max-width: 300px) 100vw, 300px" /></a></p>
<p>Una mujer utiliza un carrito de niño para trasladar una bañera por las calles céntricas de Cáceres.</p>
<!-- AddThis Advanced Settings generic via filter on the_content --><!-- AddThis Share Buttons generic via filter on the_content -->

<p>Una mujer utiliza un carrito de niño para trasladar una bañera por las calles céntricas de Cáceres.<!-- AddThis Advanced Settings generic via filter on get_the_excerpt --><!-- AddThis Share Buttons generic via filter on get_the_excerpt --></p>

Una mujer utiliza un carrito de niño para trasladar una bañera por las calles céntricas de Cácer3es.
