{"id":329,"date":"2012-07-10T19:51:14","date_gmt":"2012-07-10T17:51:14","guid":{"rendered":"http:\/\/blogs.hoy.es\/lamiradaatenta\/wp-content\/uploads\/sites\/24\/2012\/07\/LOREN_CHATARRA-03.jpg"},"modified":"2012-07-10T19:51:14","modified_gmt":"2012-07-10T17:51:14","slug":"loren_chatarra-03","status":"inherit","type":"attachment","link":"https:\/\/blogs.hoy.es\/lamiradaatenta\/2012\/07\/10\/chatarreros-invisibles-cada-vez-mas\/loren_chatarra-03\/","title":{"rendered":"Este chatarrero es veterano en la escombera de Baldia, en C\u00e1ceres, donde acude casi todos los d\u00edas desde hace a\u00f1os."},"author":3,"comment_status":"open","ping_status":"closed","template":"","meta":[],"description":{"rendered":"<p class=\"attachment\"><a href=\"https:\/\/static-blogs.hoy.es\/wp-content\/uploads\/sites\/24\/2012\/07\/LOREN_CHATARRA-03.jpg\"><img width=\"300\" height=\"213\" src=\"https:\/\/static-blogs.hoy.es\/wp-content\/uploads\/sites\/24\/2012\/07\/LOREN_CHATARRA-03-300x213.jpg\" class=\"attachment-medium size-medium\" alt=\"Este chatarrero es veterano en la escombera de Baldia, en C\u00e1ceres, donde acude casi todos los d\u00edas desde hace a\u00f1os.\" loading=\"lazy\" srcset=\"https:\/\/static-blogs.hoy.es\/wp-content\/uploads\/sites\/24\/2012\/07\/LOREN_CHATARRA-03-300x213.jpg 300w, https:\/\/static-blogs.hoy.es\/wp-content\/uploads\/sites\/24\/2012\/07\/LOREN_CHATARRA-03-150x106.jpg 150w, https:\/\/static-blogs.hoy.es\/wp-content\/uploads\/sites\/24\/2012\/07\/LOREN_CHATARRA-03-768x544.jpg 768w, https:\/\/static-blogs.hoy.es\/wp-content\/uploads\/sites\/24\/2012\/07\/LOREN_CHATARRA-03-650x461.jpg 650w\" sizes=\"(max-width: 300px) 100vw, 300px\" \/><\/a><\/p>\n<p>Este chatarrero es veterano en la escombera de Baldia, en C\u00e1ceres, donde acude casi todos los d\u00edas desde hace a\u00f1os. <\/p>\n<!-- AddThis Advanced Settings generic via filter on the_content --><!-- AddThis Share Buttons generic via filter on the_content -->"},"caption":{"rendered":"<p>Este chatarrero es veterano en la escombera de Baldia, en C\u00e1ceres, donde acude casi todos los d\u00edas desde hace a\u00f1os. <!-- AddThis Advanced Settings generic via filter on get_the_excerpt --><!-- AddThis Share Buttons generic via filter on get_the_excerpt --><\/p>\n"},"alt_text":"Este chatarrero es veterano en la escombera de Baldia, en C\u00e1ceres, donde acude casi todos los d\u00edas desde hace a\u00f1os.","media_type":"image","mime_type":"image\/jpeg","media_details":{"width":2343,"height":1660,"file":"2012\/07\/LOREN_CHATARRA-03.jpg","sizes":{"thumbnail":{"file":"LOREN_CHATARRA-03-150x106.jpg","width":150,"height":106,"mime_type":"image\/jpeg","source_url":"https:\/\/blogs.hoy.es\/lamiradaatenta\/wp-content\/uploads\/sites\/24\/2012\/07\/LOREN_CHATARRA-03-150x106.jpg"},"medium":{"file":"LOREN_CHATARRA-03-300x213.jpg","width":300,"height":213,"mime_type":"image\/jpeg","source_url":"https:\/\/blogs.hoy.es\/lamiradaatenta\/wp-content\/uploads\/sites\/24\/2012\/07\/LOREN_CHATARRA-03-300x213.jpg"},"medium_large":{"file":"LOREN_CHATARRA-03-768x544.jpg","width":768,"height":544,"mime_type":"image\/jpeg","source_url":"https:\/\/blogs.hoy.es\/lamiradaatenta\/wp-content\/uploads\/sites\/24\/2012\/07\/LOREN_CHATARRA-03-768x544.jpg"},"large":{"file":"LOREN_CHATARRA-03-650x461.jpg","width":650,"height":461,"mime_type":"image\/jpeg","source_url":"https:\/\/blogs.hoy.es\/lamiradaatenta\/wp-content\/uploads\/sites\/24\/2012\/07\/LOREN_CHATARRA-03-650x461.jpg"},"full":{"file":"LOREN_CHATARRA-03.jpg","width":2343,"height":1660,"mime_type":"image\/jpeg","source_url":"https:\/\/blogs.hoy.es\/lamiradaatenta\/wp-content\/uploads\/sites\/24\/2012\/07\/LOREN_CHATARRA-03.jpg"}},"image_meta":{"aperture":"5.6","credit":"","camera":"Canon EOS-1D Mark II N","caption":"","created_timestamp":"1320924079","copyright":"","focal_length":"200","iso":"640","shutter_speed":"0.001","title":"","orientation":"1","keywords":[]}},"post":327,"source_url":"https:\/\/blogs.hoy.es\/lamiradaatenta\/wp-content\/uploads\/sites\/24\/2012\/07\/LOREN_CHATARRA-03.jpg","_links":{"self":[{"href":"https:\/\/blogs.hoy.es\/lamiradaatenta\/wp-json\/wp\/v2\/media\/329"}],"collection":[{"href":"https:\/\/blogs.hoy.es\/lamiradaatenta\/wp-json\/wp\/v2\/media"}],"about":[{"href":"https:\/\/blogs.hoy.es\/lamiradaatenta\/wp-json\/wp\/v2\/types\/attachment"}],"author":[{"embeddable":true,"href":"https:\/\/blogs.hoy.es\/lamiradaatenta\/wp-json\/wp\/v2\/users\/3"}],"replies":[{"embeddable":true,"href":"https:\/\/blogs.hoy.es\/lamiradaatenta\/wp-json\/wp\/v2\/comments?post=329"}]}}

Este chatarrero es veterano en la escombera de Baldia, en Cáceres, donde acude casi todos los días desde hace años.

<p class="attachment"><a href="https://static-blogs.hoy.es/wp-content/uploads/sites/24/2012/07/LOREN_CHATARRA-03.jpg"><img width="300" height="213" src="https://static-blogs.hoy.es/wp-content/uploads/sites/24/2012/07/LOREN_CHATARRA-03-300x213.jpg" class="attachment-medium size-medium" alt="Este chatarrero es veterano en la escombera de Baldia, en Cáceres, donde acude casi todos los días desde hace años." loading="lazy" srcset="https://static-blogs.hoy.es/wp-content/uploads/sites/24/2012/07/LOREN_CHATARRA-03-300x213.jpg 300w, https://static-blogs.hoy.es/wp-content/uploads/sites/24/2012/07/LOREN_CHATARRA-03-150x106.jpg 150w, https://static-blogs.hoy.es/wp-content/uploads/sites/24/2012/07/LOREN_CHATARRA-03-768x544.jpg 768w, https://static-blogs.hoy.es/wp-content/uploads/sites/24/2012/07/LOREN_CHATARRA-03-650x461.jpg 650w" sizes="(max-width: 300px) 100vw, 300px" /></a></p>
<p>Este chatarrero es veterano en la escombera de Baldia, en Cáceres, donde acude casi todos los días desde hace años. </p>
<!-- AddThis Advanced Settings generic via filter on the_content --><!-- AddThis Share Buttons generic via filter on the_content -->

<p>Este chatarrero es veterano en la escombera de Baldia, en Cáceres, donde acude casi todos los días desde hace años. <!-- AddThis Advanced Settings generic via filter on get_the_excerpt --><!-- AddThis Share Buttons generic via filter on get_the_excerpt --></p>
