{"id":339,"date":"2012-07-12T19:41:47","date_gmt":"2012-07-12T17:41:47","guid":{"rendered":"http:\/\/blogs.hoy.es\/lamiradaatenta\/wp-content\/uploads\/sites\/24\/2012\/07\/insumiso.jpg"},"modified":"2012-07-12T19:41:47","modified_gmt":"2012-07-12T17:41:47","slug":"insumiso","status":"inherit","type":"attachment","link":"https:\/\/blogs.hoy.es\/lamiradaatenta\/2012\/07\/12\/cuando-los-insumisos-la-armaban\/insumiso\/","title":{"rendered":"Miguel \u00c1ngel Felipe, despu\u00e9s de varios intentos, consigui\u00f3 que lo detuvieran por insumiso (18\/12\/2000)."},"author":3,"comment_status":"open","ping_status":"closed","template":"","meta":[],"description":{"rendered":"<p class=\"attachment\"><a href=\"https:\/\/static-blogs.hoy.es\/wp-content\/uploads\/sites\/24\/2012\/07\/insumiso.jpg\"><img width=\"300\" height=\"194\" src=\"https:\/\/static-blogs.hoy.es\/wp-content\/uploads\/sites\/24\/2012\/07\/insumiso-300x194.jpg\" class=\"attachment-medium size-medium\" alt=\"Miguel \u00c1ngel Felipe, despu\u00e9s de varios intentos, consigui\u00f3 que lo detuvieran por insumiso (18\/12\/2000).\" loading=\"lazy\" srcset=\"https:\/\/static-blogs.hoy.es\/wp-content\/uploads\/sites\/24\/2012\/07\/insumiso-300x194.jpg 300w, https:\/\/static-blogs.hoy.es\/wp-content\/uploads\/sites\/24\/2012\/07\/insumiso-150x97.jpg 150w, https:\/\/static-blogs.hoy.es\/wp-content\/uploads\/sites\/24\/2012\/07\/insumiso-768x496.jpg 768w, https:\/\/static-blogs.hoy.es\/wp-content\/uploads\/sites\/24\/2012\/07\/insumiso-650x420.jpg 650w\" sizes=\"(max-width: 300px) 100vw, 300px\" \/><\/a><\/p>\n<p>Miguel \u00c1ngel Felipe, despu\u00e9s de varios intentos, consigui\u00f3 que lo detuvieran por insumiso (18\/12\/2000).<\/p>\n<!-- AddThis Advanced Settings generic via filter on the_content --><!-- AddThis Share Buttons generic via filter on the_content -->"},"caption":{"rendered":"<p>Miguel \u00c1ngel Felipe, despu\u00e9s de varios intentos, consigui\u00f3 que lo detuvieran por insumiso (18\/12\/2000).<!-- AddThis Advanced Settings generic via filter on get_the_excerpt --><!-- AddThis Share Buttons generic via filter on get_the_excerpt --><\/p>\n"},"alt_text":"Miguel \u00c1ngel Felipe, despu\u00e9s de varios intentos, consigui\u00f3 que lo detuvieran por insumiso (18\/12\/2000).","media_type":"image","mime_type":"image\/jpeg","media_details":{"width":2849,"height":1839,"file":"2012\/07\/insumiso.jpg","sizes":{"thumbnail":{"file":"insumiso-150x97.jpg","width":150,"height":97,"mime_type":"image\/jpeg","source_url":"https:\/\/blogs.hoy.es\/lamiradaatenta\/wp-content\/uploads\/sites\/24\/2012\/07\/insumiso-150x97.jpg"},"medium":{"file":"insumiso-300x194.jpg","width":300,"height":194,"mime_type":"image\/jpeg","source_url":"https:\/\/blogs.hoy.es\/lamiradaatenta\/wp-content\/uploads\/sites\/24\/2012\/07\/insumiso-300x194.jpg"},"medium_large":{"file":"insumiso-768x496.jpg","width":768,"height":496,"mime_type":"image\/jpeg","source_url":"https:\/\/blogs.hoy.es\/lamiradaatenta\/wp-content\/uploads\/sites\/24\/2012\/07\/insumiso-768x496.jpg"},"large":{"file":"insumiso-650x420.jpg","width":650,"height":420,"mime_type":"image\/jpeg","source_url":"https:\/\/blogs.hoy.es\/lamiradaatenta\/wp-content\/uploads\/sites\/24\/2012\/07\/insumiso-650x420.jpg"},"full":{"file":"insumiso.jpg","width":2849,"height":1839,"mime_type":"image\/jpeg","source_url":"https:\/\/blogs.hoy.es\/lamiradaatenta\/wp-content\/uploads\/sites\/24\/2012\/07\/insumiso.jpg"}},"image_meta":{"aperture":"0","credit":"","camera":"","caption":"","created_timestamp":"0","copyright":"","focal_length":"0","iso":"0","shutter_speed":"0","title":"","orientation":"1","keywords":[]}},"post":336,"source_url":"https:\/\/blogs.hoy.es\/lamiradaatenta\/wp-content\/uploads\/sites\/24\/2012\/07\/insumiso.jpg","_links":{"self":[{"href":"https:\/\/blogs.hoy.es\/lamiradaatenta\/wp-json\/wp\/v2\/media\/339"}],"collection":[{"href":"https:\/\/blogs.hoy.es\/lamiradaatenta\/wp-json\/wp\/v2\/media"}],"about":[{"href":"https:\/\/blogs.hoy.es\/lamiradaatenta\/wp-json\/wp\/v2\/types\/attachment"}],"author":[{"embeddable":true,"href":"https:\/\/blogs.hoy.es\/lamiradaatenta\/wp-json\/wp\/v2\/users\/3"}],"replies":[{"embeddable":true,"href":"https:\/\/blogs.hoy.es\/lamiradaatenta\/wp-json\/wp\/v2\/comments?post=339"}]}}

Miguel Ángel Felipe, después de varios intentos, consiguió que lo detuvieran por insumiso (18/12/2000).

<p class="attachment"><a href="https://static-blogs.hoy.es/wp-content/uploads/sites/24/2012/07/insumiso.jpg"><img width="300" height="194" src="https://static-blogs.hoy.es/wp-content/uploads/sites/24/2012/07/insumiso-300x194.jpg" class="attachment-medium size-medium" alt="Miguel Ángel Felipe, después de varios intentos, consiguió que lo detuvieran por insumiso (18/12/2000)." loading="lazy" srcset="https://static-blogs.hoy.es/wp-content/uploads/sites/24/2012/07/insumiso-300x194.jpg 300w, https://static-blogs.hoy.es/wp-content/uploads/sites/24/2012/07/insumiso-150x97.jpg 150w, https://static-blogs.hoy.es/wp-content/uploads/sites/24/2012/07/insumiso-768x496.jpg 768w, https://static-blogs.hoy.es/wp-content/uploads/sites/24/2012/07/insumiso-650x420.jpg 650w" sizes="(max-width: 300px) 100vw, 300px" /></a></p>
<p>Miguel Ángel Felipe, después de varios intentos, consiguió que lo detuvieran por insumiso (18/12/2000).</p>
<!-- AddThis Advanced Settings generic via filter on the_content --><!-- AddThis Share Buttons generic via filter on the_content -->

<p>Miguel Ángel Felipe, después de varios intentos, consiguió que lo detuvieran por insumiso (18/12/2000).<!-- AddThis Advanced Settings generic via filter on get_the_excerpt --><!-- AddThis Share Buttons generic via filter on get_the_excerpt --></p>
