{"id":341,"date":"2012-07-12T20:40:50","date_gmt":"2012-07-12T18:40:50","guid":{"rendered":"http:\/\/blogs.hoy.es\/lamiradaatenta\/wp-content\/uploads\/sites\/24\/2012\/07\/ARTICULOMIGUEL.jpg"},"modified":"2012-07-12T20:40:50","modified_gmt":"2012-07-12T18:40:50","slug":"articulomiguel","status":"inherit","type":"attachment","link":"https:\/\/blogs.hoy.es\/lamiradaatenta\/2012\/07\/12\/cuando-los-insumisos-la-armaban\/articulomiguel\/","title":{"rendered":"Art\u00edculo publicado el 19 de diciembre de 2000 en el diario HOY contando la protesta de los insumisos y de c\u00f3mo consiguieron que llevaran a Miguel \u00c1ngel Felipe a la c\u00e1rcel."},"author":3,"comment_status":"open","ping_status":"closed","template":"","meta":[],"description":{"rendered":"<p class=\"attachment\"><a href=\"https:\/\/static-blogs.hoy.es\/wp-content\/uploads\/sites\/24\/2012\/07\/ARTICULOMIGUEL.jpg\"><img width=\"206\" height=\"300\" src=\"https:\/\/static-blogs.hoy.es\/wp-content\/uploads\/sites\/24\/2012\/07\/ARTICULOMIGUEL-206x300.jpg\" class=\"attachment-medium size-medium\" alt=\"Art\u00edculo publicado el 19 de diciembre de 2000 en el diario HOY contando la protesta de los insumisos y de c\u00f3mo consiguieron que llevaran a Miguel \u00c1ngel Felipe a la c\u00e1rcel.\" loading=\"lazy\" srcset=\"https:\/\/static-blogs.hoy.es\/wp-content\/uploads\/sites\/24\/2012\/07\/ARTICULOMIGUEL-206x300.jpg 206w, https:\/\/static-blogs.hoy.es\/wp-content\/uploads\/sites\/24\/2012\/07\/ARTICULOMIGUEL-103x150.jpg 103w, https:\/\/static-blogs.hoy.es\/wp-content\/uploads\/sites\/24\/2012\/07\/ARTICULOMIGUEL-768x1116.jpg 768w, https:\/\/static-blogs.hoy.es\/wp-content\/uploads\/sites\/24\/2012\/07\/ARTICULOMIGUEL-650x945.jpg 650w, https:\/\/static-blogs.hoy.es\/wp-content\/uploads\/sites\/24\/2012\/07\/ARTICULOMIGUEL.jpg 779w\" sizes=\"(max-width: 206px) 100vw, 206px\" \/><\/a><\/p>\n<!-- AddThis Advanced Settings generic via filter on the_content --><!-- AddThis Share Buttons generic via filter on the_content -->"},"caption":{"rendered":"<p>Art\u00edculo publicado el 19 de diciembre de 2000 en el diario HOY contando la protesta de los insumisos y de c\u00f3mo consiguieron que llevaran a Miguel \u00c1ngel Felipe a la c\u00e1rcel.<!-- AddThis Advanced Settings generic via filter on get_the_excerpt --><!-- AddThis Share Buttons generic via filter on get_the_excerpt --><\/p>\n"},"alt_text":"Art\u00edculo publicado el 19 de diciembre de 2000 en el diario HOY contando la protesta de los insumisos y de c\u00f3mo consiguieron que llevaran a Miguel \u00c1ngel Felipe a la c\u00e1rcel.","media_type":"image","mime_type":"image\/jpeg","media_details":{"width":779,"height":1132,"file":"2012\/07\/ARTICULOMIGUEL.jpg","sizes":{"thumbnail":{"file":"ARTICULOMIGUEL-103x150.jpg","width":103,"height":150,"mime_type":"image\/jpeg","source_url":"https:\/\/blogs.hoy.es\/lamiradaatenta\/wp-content\/uploads\/sites\/24\/2012\/07\/ARTICULOMIGUEL-103x150.jpg"},"medium":{"file":"ARTICULOMIGUEL-206x300.jpg","width":206,"height":300,"mime_type":"image\/jpeg","source_url":"https:\/\/blogs.hoy.es\/lamiradaatenta\/wp-content\/uploads\/sites\/24\/2012\/07\/ARTICULOMIGUEL-206x300.jpg"},"medium_large":{"file":"ARTICULOMIGUEL-768x1116.jpg","width":768,"height":1116,"mime_type":"image\/jpeg","source_url":"https:\/\/blogs.hoy.es\/lamiradaatenta\/wp-content\/uploads\/sites\/24\/2012\/07\/ARTICULOMIGUEL-768x1116.jpg"},"large":{"file":"ARTICULOMIGUEL-650x945.jpg","width":650,"height":945,"mime_type":"image\/jpeg","source_url":"https:\/\/blogs.hoy.es\/lamiradaatenta\/wp-content\/uploads\/sites\/24\/2012\/07\/ARTICULOMIGUEL-650x945.jpg"},"full":{"file":"ARTICULOMIGUEL.jpg","width":779,"height":1132,"mime_type":"image\/jpeg","source_url":"https:\/\/blogs.hoy.es\/lamiradaatenta\/wp-content\/uploads\/sites\/24\/2012\/07\/ARTICULOMIGUEL.jpg"}},"image_meta":{"aperture":"0","credit":"","camera":"","caption":"","created_timestamp":"0","copyright":"","focal_length":"0","iso":"0","shutter_speed":"0","title":"","orientation":"0","keywords":[]}},"post":336,"source_url":"https:\/\/blogs.hoy.es\/lamiradaatenta\/wp-content\/uploads\/sites\/24\/2012\/07\/ARTICULOMIGUEL.jpg","_links":{"self":[{"href":"https:\/\/blogs.hoy.es\/lamiradaatenta\/wp-json\/wp\/v2\/media\/341"}],"collection":[{"href":"https:\/\/blogs.hoy.es\/lamiradaatenta\/wp-json\/wp\/v2\/media"}],"about":[{"href":"https:\/\/blogs.hoy.es\/lamiradaatenta\/wp-json\/wp\/v2\/types\/attachment"}],"author":[{"embeddable":true,"href":"https:\/\/blogs.hoy.es\/lamiradaatenta\/wp-json\/wp\/v2\/users\/3"}],"replies":[{"embeddable":true,"href":"https:\/\/blogs.hoy.es\/lamiradaatenta\/wp-json\/wp\/v2\/comments?post=341"}]}}

Artículo publicado el 19 de diciembre de 2000 en el diario HOY contando la protesta de los insumisos y de cómo consiguieron que llevaran a Miguel Ángel Felipe a la cárcel.

<p class="attachment"><a href="https://static-blogs.hoy.es/wp-content/uploads/sites/24/2012/07/ARTICULOMIGUEL.jpg"><img width="206" height="300" src="https://static-blogs.hoy.es/wp-content/uploads/sites/24/2012/07/ARTICULOMIGUEL-206x300.jpg" class="attachment-medium size-medium" alt="Artículo publicado el 19 de diciembre de 2000 en el diario HOY contando la protesta de los insumisos y de cómo consiguieron que llevaran a Miguel Ángel Felipe a la cárcel." loading="lazy" srcset="https://static-blogs.hoy.es/wp-content/uploads/sites/24/2012/07/ARTICULOMIGUEL-206x300.jpg 206w, https://static-blogs.hoy.es/wp-content/uploads/sites/24/2012/07/ARTICULOMIGUEL-103x150.jpg 103w, https://static-blogs.hoy.es/wp-content/uploads/sites/24/2012/07/ARTICULOMIGUEL-768x1116.jpg 768w, https://static-blogs.hoy.es/wp-content/uploads/sites/24/2012/07/ARTICULOMIGUEL-650x945.jpg 650w, https://static-blogs.hoy.es/wp-content/uploads/sites/24/2012/07/ARTICULOMIGUEL.jpg 779w" sizes="(max-width: 206px) 100vw, 206px" /></a></p>
<!-- AddThis Advanced Settings generic via filter on the_content --><!-- AddThis Share Buttons generic via filter on the_content -->

<p>Artículo publicado el 19 de diciembre de 2000 en el diario HOY contando la protesta de los insumisos y de cómo consiguieron que llevaran a Miguel Ángel Felipe a la cárcel.<!-- AddThis Advanced Settings generic via filter on get_the_excerpt --><!-- AddThis Share Buttons generic via filter on get_the_excerpt --></p>
