{"id":360,"date":"2012-09-25T18:55:03","date_gmt":"2012-09-25T16:55:03","guid":{"rendered":"http:\/\/blogs.hoy.es\/lamiradaatenta\/wp-content\/uploads\/sites\/24\/2012\/09\/novatadapolicia.jpg"},"modified":"2012-09-25T18:55:03","modified_gmt":"2012-09-25T16:55:03","slug":"novatadapolicia","status":"inherit","type":"attachment","link":"https:\/\/blogs.hoy.es\/lamiradaatenta\/2012\/09\/25\/novatadas-de-ayer-y-de-hoy\/novatadapolicia\/","title":{"rendered":"Tres j\u00f3venes bromeando con un polic\u00eda local que aguant\u00f3 el tipo estoicamente durante las novatadas de 2002."},"author":3,"comment_status":"open","ping_status":"closed","template":"","meta":[],"description":{"rendered":"<p class=\"attachment\"><a href=\"https:\/\/static-blogs.hoy.es\/wp-content\/uploads\/sites\/24\/2012\/09\/novatadapolicia.jpg\"><img width=\"300\" height=\"199\" src=\"https:\/\/static-blogs.hoy.es\/wp-content\/uploads\/sites\/24\/2012\/09\/novatadapolicia-300x199.jpg\" class=\"attachment-medium size-medium\" alt=\"Tres j\u00f3venes bromeando con un polic\u00eda local que aguant\u00f3 el tipo estoicamente durante las novatadas de 2002.\" loading=\"lazy\" srcset=\"https:\/\/static-blogs.hoy.es\/wp-content\/uploads\/sites\/24\/2012\/09\/novatadapolicia-300x199.jpg 300w, https:\/\/static-blogs.hoy.es\/wp-content\/uploads\/sites\/24\/2012\/09\/novatadapolicia-150x100.jpg 150w, https:\/\/static-blogs.hoy.es\/wp-content\/uploads\/sites\/24\/2012\/09\/novatadapolicia-768x510.jpg 768w, https:\/\/static-blogs.hoy.es\/wp-content\/uploads\/sites\/24\/2012\/09\/novatadapolicia-650x432.jpg 650w\" sizes=\"(max-width: 300px) 100vw, 300px\" \/><\/a><\/p>\n<p>ESTUDIANTES BROMEANDO CON UN POLICIA LOCAL DURANTE EL BOTELLON CELEBRADO EN LA PLAZA MAYOR DE CACERES, CON MOTIVO DE LAS NOVATADAS .<\/p>\n<!-- AddThis Advanced Settings generic via filter on the_content --><!-- AddThis Share Buttons generic via filter on the_content -->"},"caption":{"rendered":"<p>Tres j\u00f3venes bromeando con un polic\u00eda local que aguant\u00f3 el tipo estoicamente durante las novatadas de 2002.<!-- AddThis Advanced Settings generic via filter on get_the_excerpt --><!-- AddThis Share Buttons generic via filter on get_the_excerpt --><\/p>\n"},"alt_text":"Tres j\u00f3venes bromeando con un polic\u00eda local que aguant\u00f3 el tipo estoicamente durante las novatadas de 2002.","media_type":"image","mime_type":"image\/jpeg","media_details":{"width":2240,"height":1488,"file":"2012\/09\/novatadapolicia.jpg","sizes":{"thumbnail":{"file":"novatadapolicia-150x100.jpg","width":150,"height":100,"mime_type":"image\/jpeg","source_url":"https:\/\/blogs.hoy.es\/lamiradaatenta\/wp-content\/uploads\/sites\/24\/2012\/09\/novatadapolicia-150x100.jpg"},"medium":{"file":"novatadapolicia-300x199.jpg","width":300,"height":199,"mime_type":"image\/jpeg","source_url":"https:\/\/blogs.hoy.es\/lamiradaatenta\/wp-content\/uploads\/sites\/24\/2012\/09\/novatadapolicia-300x199.jpg"},"medium_large":{"file":"novatadapolicia-768x510.jpg","width":768,"height":510,"mime_type":"image\/jpeg","source_url":"https:\/\/blogs.hoy.es\/lamiradaatenta\/wp-content\/uploads\/sites\/24\/2012\/09\/novatadapolicia-768x510.jpg"},"large":{"file":"novatadapolicia-650x432.jpg","width":650,"height":432,"mime_type":"image\/jpeg","source_url":"https:\/\/blogs.hoy.es\/lamiradaatenta\/wp-content\/uploads\/sites\/24\/2012\/09\/novatadapolicia-650x432.jpg"},"full":{"file":"novatadapolicia.jpg","width":2240,"height":1488,"mime_type":"image\/jpeg","source_url":"https:\/\/blogs.hoy.es\/lamiradaatenta\/wp-content\/uploads\/sites\/24\/2012\/09\/novatadapolicia.jpg"}},"image_meta":{"aperture":"0","credit":"LORENZO CORDERO","camera":"","caption":"ESTUDIANTES BROMEANDO CON UN POLICIA LOCAL DURANTE EL BOTELLON CELEBRADO EN LA PLAZA MAYOR DE CACERES, CON MOTIVO DE LAS NOVATADAS .","created_timestamp":"1034208000","copyright":"","focal_length":"0","iso":"0","shutter_speed":"0","title":"","orientation":"1","keywords":[]}},"post":357,"source_url":"https:\/\/blogs.hoy.es\/lamiradaatenta\/wp-content\/uploads\/sites\/24\/2012\/09\/novatadapolicia.jpg","_links":{"self":[{"href":"https:\/\/blogs.hoy.es\/lamiradaatenta\/wp-json\/wp\/v2\/media\/360"}],"collection":[{"href":"https:\/\/blogs.hoy.es\/lamiradaatenta\/wp-json\/wp\/v2\/media"}],"about":[{"href":"https:\/\/blogs.hoy.es\/lamiradaatenta\/wp-json\/wp\/v2\/types\/attachment"}],"author":[{"embeddable":true,"href":"https:\/\/blogs.hoy.es\/lamiradaatenta\/wp-json\/wp\/v2\/users\/3"}],"replies":[{"embeddable":true,"href":"https:\/\/blogs.hoy.es\/lamiradaatenta\/wp-json\/wp\/v2\/comments?post=360"}]}}

Tres jóvenes bromeando con un policía local que aguantó el tipo estoicamente durante las novatadas de 2002.

<p class="attachment"><a href="https://static-blogs.hoy.es/wp-content/uploads/sites/24/2012/09/novatadapolicia.jpg"><img width="300" height="199" src="https://static-blogs.hoy.es/wp-content/uploads/sites/24/2012/09/novatadapolicia-300x199.jpg" class="attachment-medium size-medium" alt="Tres jóvenes bromeando con un policía local que aguantó el tipo estoicamente durante las novatadas de 2002." loading="lazy" srcset="https://static-blogs.hoy.es/wp-content/uploads/sites/24/2012/09/novatadapolicia-300x199.jpg 300w, https://static-blogs.hoy.es/wp-content/uploads/sites/24/2012/09/novatadapolicia-150x100.jpg 150w, https://static-blogs.hoy.es/wp-content/uploads/sites/24/2012/09/novatadapolicia-768x510.jpg 768w, https://static-blogs.hoy.es/wp-content/uploads/sites/24/2012/09/novatadapolicia-650x432.jpg 650w" sizes="(max-width: 300px) 100vw, 300px" /></a></p>
<p>ESTUDIANTES BROMEANDO CON UN POLICIA LOCAL DURANTE EL BOTELLON CELEBRADO EN LA PLAZA MAYOR DE CACERES, CON MOTIVO DE LAS NOVATADAS .</p>
<!-- AddThis Advanced Settings generic via filter on the_content --><!-- AddThis Share Buttons generic via filter on the_content -->

<p>Tres jóvenes bromeando con un policía local que aguantó el tipo estoicamente durante las novatadas de 2002.<!-- AddThis Advanced Settings generic via filter on get_the_excerpt --><!-- AddThis Share Buttons generic via filter on get_the_excerpt --></p>
