{"id":365,"date":"2012-10-19T18:57:45","date_gmt":"2012-10-19T16:57:45","guid":{"rendered":"http:\/\/blogs.hoy.es\/lamiradaatenta\/wp-content\/uploads\/sites\/24\/2012\/10\/ESTUDIANTES-BUS-02.jpg"},"modified":"2012-10-19T18:57:45","modified_gmt":"2012-10-19T16:57:45","slug":"manifestacion-de-estudiantes-para-protestar-por-la-subida-del-autobus","status":"inherit","type":"attachment","link":"https:\/\/blogs.hoy.es\/lamiradaatenta\/2012\/10\/19\/manifiesto-por-una-imagen-completa-de-manifestacion\/manifestacion-de-estudiantes-para-protestar-por-la-subida-del-autobus\/","title":{"rendered":"Manifestaci\u00f3n de estudiantes en C\u00e1ceres contra la subida del precio del autob\u00fas, en el a\u00f1o 2000."},"author":3,"comment_status":"open","ping_status":"closed","template":"","meta":[],"description":{"rendered":"<p class=\"attachment\"><a href=\"https:\/\/static-blogs.hoy.es\/wp-content\/uploads\/sites\/24\/2012\/10\/ESTUDIANTES-BUS-02.jpg\"><img width=\"300\" height=\"189\" src=\"https:\/\/static-blogs.hoy.es\/wp-content\/uploads\/sites\/24\/2012\/10\/ESTUDIANTES-BUS-02-300x189.jpg\" class=\"attachment-medium size-medium\" alt=\"Manifestaci\u00f3n de estudiantes en C\u00e1ceres contra la subida del precio del autob\u00fas, en el a\u00f1o 2000.\" loading=\"lazy\" srcset=\"https:\/\/static-blogs.hoy.es\/wp-content\/uploads\/sites\/24\/2012\/10\/ESTUDIANTES-BUS-02-300x189.jpg 300w, https:\/\/static-blogs.hoy.es\/wp-content\/uploads\/sites\/24\/2012\/10\/ESTUDIANTES-BUS-02-150x94.jpg 150w, https:\/\/static-blogs.hoy.es\/wp-content\/uploads\/sites\/24\/2012\/10\/ESTUDIANTES-BUS-02-768x483.jpg 768w, https:\/\/static-blogs.hoy.es\/wp-content\/uploads\/sites\/24\/2012\/10\/ESTUDIANTES-BUS-02-650x409.jpg 650w, https:\/\/static-blogs.hoy.es\/wp-content\/uploads\/sites\/24\/2012\/10\/ESTUDIANTES-BUS-02.jpg 1552w\" sizes=\"(max-width: 300px) 100vw, 300px\" \/><\/a><\/p>\n<p>Manifestaci\u00f3n de estudiantes en C\u00e1ceres contra la subida del precio del autob\u00fas, en el a\u00f1o 2000.<\/p>\n<!-- AddThis Advanced Settings generic via filter on the_content --><!-- AddThis Share Buttons generic via filter on the_content -->"},"caption":{"rendered":"<p>Manifestaci\u00f3n de estudiantes en C\u00e1ceres contra la subida del precio del autob\u00fas, en el a\u00f1o 2000.<!-- AddThis Advanced Settings generic via filter on get_the_excerpt --><!-- AddThis Share Buttons generic via filter on get_the_excerpt --><\/p>\n"},"alt_text":"Manifestaci\u00f3n de estudiantes en C\u00e1ceres contra la subida del precio del autob\u00fas, en el a\u00f1o 2000.","media_type":"image","mime_type":"image\/jpeg","media_details":{"width":1552,"height":976,"file":"2012\/10\/ESTUDIANTES-BUS-02.jpg","sizes":{"thumbnail":{"file":"ESTUDIANTES-BUS-02-150x94.jpg","width":150,"height":94,"mime_type":"image\/jpeg","source_url":"https:\/\/blogs.hoy.es\/lamiradaatenta\/wp-content\/uploads\/sites\/24\/2012\/10\/ESTUDIANTES-BUS-02-150x94.jpg"},"medium":{"file":"ESTUDIANTES-BUS-02-300x189.jpg","width":300,"height":189,"mime_type":"image\/jpeg","source_url":"https:\/\/blogs.hoy.es\/lamiradaatenta\/wp-content\/uploads\/sites\/24\/2012\/10\/ESTUDIANTES-BUS-02-300x189.jpg"},"medium_large":{"file":"ESTUDIANTES-BUS-02-768x483.jpg","width":768,"height":483,"mime_type":"image\/jpeg","source_url":"https:\/\/blogs.hoy.es\/lamiradaatenta\/wp-content\/uploads\/sites\/24\/2012\/10\/ESTUDIANTES-BUS-02-768x483.jpg"},"large":{"file":"ESTUDIANTES-BUS-02-650x409.jpg","width":650,"height":409,"mime_type":"image\/jpeg","source_url":"https:\/\/blogs.hoy.es\/lamiradaatenta\/wp-content\/uploads\/sites\/24\/2012\/10\/ESTUDIANTES-BUS-02-650x409.jpg"},"full":{"file":"ESTUDIANTES-BUS-02.jpg","width":1552,"height":976,"mime_type":"image\/jpeg","source_url":"https:\/\/blogs.hoy.es\/lamiradaatenta\/wp-content\/uploads\/sites\/24\/2012\/10\/ESTUDIANTES-BUS-02.jpg"}},"image_meta":{"aperture":"0","credit":"","camera":"","caption":"MANIFESTACION DE ESTUDIANTES PARA PROTESTAR POR LA SUBIDA DEL AUTOBUS","created_timestamp":"0","copyright":"","focal_length":"0","iso":"0","shutter_speed":"0","title":"MANIFESTACION DE ESTUDIANTES PARA PROTESTAR POR LA SUBIDA DEL AUTOBUS","orientation":"1","keywords":[]}},"post":363,"source_url":"https:\/\/blogs.hoy.es\/lamiradaatenta\/wp-content\/uploads\/sites\/24\/2012\/10\/ESTUDIANTES-BUS-02.jpg","_links":{"self":[{"href":"https:\/\/blogs.hoy.es\/lamiradaatenta\/wp-json\/wp\/v2\/media\/365"}],"collection":[{"href":"https:\/\/blogs.hoy.es\/lamiradaatenta\/wp-json\/wp\/v2\/media"}],"about":[{"href":"https:\/\/blogs.hoy.es\/lamiradaatenta\/wp-json\/wp\/v2\/types\/attachment"}],"author":[{"embeddable":true,"href":"https:\/\/blogs.hoy.es\/lamiradaatenta\/wp-json\/wp\/v2\/users\/3"}],"replies":[{"embeddable":true,"href":"https:\/\/blogs.hoy.es\/lamiradaatenta\/wp-json\/wp\/v2\/comments?post=365"}]}}

Manifestación de estudiantes en Cáceres contra la subida del precio del autobús, en el año 2000.

<p class="attachment"><a href="https://static-blogs.hoy.es/wp-content/uploads/sites/24/2012/10/ESTUDIANTES-BUS-02.jpg"><img width="300" height="189" src="https://static-blogs.hoy.es/wp-content/uploads/sites/24/2012/10/ESTUDIANTES-BUS-02-300x189.jpg" class="attachment-medium size-medium" alt="Manifestación de estudiantes en Cáceres contra la subida del precio del autobús, en el año 2000." loading="lazy" srcset="https://static-blogs.hoy.es/wp-content/uploads/sites/24/2012/10/ESTUDIANTES-BUS-02-300x189.jpg 300w, https://static-blogs.hoy.es/wp-content/uploads/sites/24/2012/10/ESTUDIANTES-BUS-02-150x94.jpg 150w, https://static-blogs.hoy.es/wp-content/uploads/sites/24/2012/10/ESTUDIANTES-BUS-02-768x483.jpg 768w, https://static-blogs.hoy.es/wp-content/uploads/sites/24/2012/10/ESTUDIANTES-BUS-02-650x409.jpg 650w, https://static-blogs.hoy.es/wp-content/uploads/sites/24/2012/10/ESTUDIANTES-BUS-02.jpg 1552w" sizes="(max-width: 300px) 100vw, 300px" /></a></p>
<p>Manifestación de estudiantes en Cáceres contra la subida del precio del autobús, en el año 2000.</p>
<!-- AddThis Advanced Settings generic via filter on the_content --><!-- AddThis Share Buttons generic via filter on the_content -->

<p>Manifestación de estudiantes en Cáceres contra la subida del precio del autobús, en el año 2000.<!-- AddThis Advanced Settings generic via filter on get_the_excerpt --><!-- AddThis Share Buttons generic via filter on get_the_excerpt --></p>
