{"id":367,"date":"2012-10-19T19:14:21","date_gmt":"2012-10-19T17:14:21","guid":{"rendered":"http:\/\/blogs.hoy.es\/lamiradaatenta\/wp-content\/uploads\/sites\/24\/2012\/10\/estudiantesconloren1.jpg"},"modified":"2012-10-19T19:14:21","modified_gmt":"2012-10-19T17:14:21","slug":"estudiantesconloren-2","status":"inherit","type":"attachment","link":"https:\/\/blogs.hoy.es\/lamiradaatenta\/2012\/10\/19\/manifiesto-por-una-imagen-completa-de-manifestacion\/estudiantesconloren-2\/","title":{"rendered":"Lorenzo sentado en mitad de una manifestaci\u00f3n junto a una estudiante que tambi\u00e9n tomaba fotograf\u00edas."},"author":3,"comment_status":"open","ping_status":"closed","template":"","meta":[],"description":{"rendered":"<p class=\"attachment\"><a href=\"https:\/\/static-blogs.hoy.es\/wp-content\/uploads\/sites\/24\/2012\/10\/estudiantesconloren1.jpg\"><img width=\"300\" height=\"199\" src=\"https:\/\/static-blogs.hoy.es\/wp-content\/uploads\/sites\/24\/2012\/10\/estudiantesconloren1-300x199.jpg\" class=\"attachment-medium size-medium\" alt=\"Lorenzo sentado en mitad de una manifestaci\u00f3n junto a una estudiante que tambi\u00e9n tomaba fotograf\u00edas.\" loading=\"lazy\" srcset=\"https:\/\/static-blogs.hoy.es\/wp-content\/uploads\/sites\/24\/2012\/10\/estudiantesconloren1-300x199.jpg 300w, https:\/\/static-blogs.hoy.es\/wp-content\/uploads\/sites\/24\/2012\/10\/estudiantesconloren1-150x100.jpg 150w, https:\/\/static-blogs.hoy.es\/wp-content\/uploads\/sites\/24\/2012\/10\/estudiantesconloren1-768x510.jpg 768w, https:\/\/static-blogs.hoy.es\/wp-content\/uploads\/sites\/24\/2012\/10\/estudiantesconloren1-650x432.jpg 650w, https:\/\/static-blogs.hoy.es\/wp-content\/uploads\/sites\/24\/2012\/10\/estudiantesconloren1.jpg 1024w\" sizes=\"(max-width: 300px) 100vw, 300px\" \/><\/a><\/p>\n<p>Lorenzo sentado en mitad de una manifestaci\u00f3n junto a una estudiante que tambi\u00e9n tomaba fotograf\u00edas.<\/p>\n<!-- AddThis Advanced Settings generic via filter on the_content --><!-- AddThis Share Buttons generic via filter on the_content -->"},"caption":{"rendered":"<p>Lorenzo sentado en mitad de una manifestaci\u00f3n junto a una estudiante que tambi\u00e9n tomaba fotograf\u00edas.<!-- AddThis Advanced Settings generic via filter on get_the_excerpt --><!-- AddThis Share Buttons generic via filter on get_the_excerpt --><\/p>\n"},"alt_text":"Lorenzo sentado en mitad de una manifestaci\u00f3n junto a una estudiante que tambi\u00e9n tomaba fotograf\u00edas.","media_type":"image","mime_type":"image\/jpeg","media_details":{"width":1024,"height":680,"file":"2012\/10\/estudiantesconloren1.jpg","sizes":{"thumbnail":{"file":"estudiantesconloren1-150x100.jpg","width":150,"height":100,"mime_type":"image\/jpeg","source_url":"https:\/\/blogs.hoy.es\/lamiradaatenta\/wp-content\/uploads\/sites\/24\/2012\/10\/estudiantesconloren1-150x100.jpg"},"medium":{"file":"estudiantesconloren1-300x199.jpg","width":300,"height":199,"mime_type":"image\/jpeg","source_url":"https:\/\/blogs.hoy.es\/lamiradaatenta\/wp-content\/uploads\/sites\/24\/2012\/10\/estudiantesconloren1-300x199.jpg"},"medium_large":{"file":"estudiantesconloren1-768x510.jpg","width":768,"height":510,"mime_type":"image\/jpeg","source_url":"https:\/\/blogs.hoy.es\/lamiradaatenta\/wp-content\/uploads\/sites\/24\/2012\/10\/estudiantesconloren1-768x510.jpg"},"large":{"file":"estudiantesconloren1-650x432.jpg","width":650,"height":432,"mime_type":"image\/jpeg","source_url":"https:\/\/blogs.hoy.es\/lamiradaatenta\/wp-content\/uploads\/sites\/24\/2012\/10\/estudiantesconloren1-650x432.jpg"},"full":{"file":"estudiantesconloren1.jpg","width":1024,"height":680,"mime_type":"image\/jpeg","source_url":"https:\/\/blogs.hoy.es\/lamiradaatenta\/wp-content\/uploads\/sites\/24\/2012\/10\/estudiantesconloren1.jpg"}},"image_meta":{"aperture":"11","credit":"Esteban Martinena","camera":"NIKON D90","caption":"","created_timestamp":"1350477264","copyright":"All Right Reserved","focal_length":"150","iso":"400","shutter_speed":"0.00625","title":"","orientation":"1","keywords":[]}},"post":363,"source_url":"https:\/\/blogs.hoy.es\/lamiradaatenta\/wp-content\/uploads\/sites\/24\/2012\/10\/estudiantesconloren1.jpg","_links":{"self":[{"href":"https:\/\/blogs.hoy.es\/lamiradaatenta\/wp-json\/wp\/v2\/media\/367"}],"collection":[{"href":"https:\/\/blogs.hoy.es\/lamiradaatenta\/wp-json\/wp\/v2\/media"}],"about":[{"href":"https:\/\/blogs.hoy.es\/lamiradaatenta\/wp-json\/wp\/v2\/types\/attachment"}],"author":[{"embeddable":true,"href":"https:\/\/blogs.hoy.es\/lamiradaatenta\/wp-json\/wp\/v2\/users\/3"}],"replies":[{"embeddable":true,"href":"https:\/\/blogs.hoy.es\/lamiradaatenta\/wp-json\/wp\/v2\/comments?post=367"}]}}

Lorenzo sentado en mitad de una manifestación junto a una estudiante que también tomaba fotografías.

<p class="attachment"><a href="https://static-blogs.hoy.es/wp-content/uploads/sites/24/2012/10/estudiantesconloren1.jpg"><img width="300" height="199" src="https://static-blogs.hoy.es/wp-content/uploads/sites/24/2012/10/estudiantesconloren1-300x199.jpg" class="attachment-medium size-medium" alt="Lorenzo sentado en mitad de una manifestación junto a una estudiante que también tomaba fotografías." loading="lazy" srcset="https://static-blogs.hoy.es/wp-content/uploads/sites/24/2012/10/estudiantesconloren1-300x199.jpg 300w, https://static-blogs.hoy.es/wp-content/uploads/sites/24/2012/10/estudiantesconloren1-150x100.jpg 150w, https://static-blogs.hoy.es/wp-content/uploads/sites/24/2012/10/estudiantesconloren1-768x510.jpg 768w, https://static-blogs.hoy.es/wp-content/uploads/sites/24/2012/10/estudiantesconloren1-650x432.jpg 650w, https://static-blogs.hoy.es/wp-content/uploads/sites/24/2012/10/estudiantesconloren1.jpg 1024w" sizes="(max-width: 300px) 100vw, 300px" /></a></p>
<p>Lorenzo sentado en mitad de una manifestación junto a una estudiante que también tomaba fotografías.</p>
<!-- AddThis Advanced Settings generic via filter on the_content --><!-- AddThis Share Buttons generic via filter on the_content -->

<p>Lorenzo sentado en mitad de una manifestación junto a una estudiante que también tomaba fotografías.<!-- AddThis Advanced Settings generic via filter on get_the_excerpt --><!-- AddThis Share Buttons generic via filter on get_the_excerpt --></p>
