{"id":373,"date":"2012-10-19T20:11:30","date_gmt":"2012-10-19T18:11:30","guid":{"rendered":"http:\/\/blogs.hoy.es\/lamiradaatenta\/wp-content\/uploads\/sites\/24\/2012\/10\/LOREN_MANIFA-08-22.jpg"},"modified":"2012-10-19T20:11:30","modified_gmt":"2012-10-19T18:11:30","slug":"loren_manifa-08-2-3","status":"inherit","type":"attachment","link":"https:\/\/blogs.hoy.es\/lamiradaatenta\/2012\/10\/19\/manifiesto-por-una-imagen-completa-de-manifestacion\/loren_manifa-08-2-3\/","title":{"rendered":"Un polic\u00eda nacional impide el paso a varios estudiantes en la manifestaci\u00f3n celebrada en C\u00e1ceres el 17 de octubre de 2012."},"author":3,"comment_status":"open","ping_status":"closed","template":"","meta":[],"description":{"rendered":"<p class=\"attachment\"><a href=\"https:\/\/static-blogs.hoy.es\/wp-content\/uploads\/sites\/24\/2012\/10\/LOREN_MANIFA-08-22.jpg\"><img width=\"300\" height=\"200\" src=\"https:\/\/static-blogs.hoy.es\/wp-content\/uploads\/sites\/24\/2012\/10\/LOREN_MANIFA-08-22-300x200.jpg\" class=\"attachment-medium size-medium\" alt=\"Un polic\u00eda nacional impide el paso a varios estudiantes en la manifestaci\u00f3n celebrada en C\u00e1ceres el 17 de octubre de 2012.\" loading=\"lazy\" srcset=\"https:\/\/static-blogs.hoy.es\/wp-content\/uploads\/sites\/24\/2012\/10\/LOREN_MANIFA-08-22-300x200.jpg 300w, https:\/\/static-blogs.hoy.es\/wp-content\/uploads\/sites\/24\/2012\/10\/LOREN_MANIFA-08-22-150x100.jpg 150w, https:\/\/static-blogs.hoy.es\/wp-content\/uploads\/sites\/24\/2012\/10\/LOREN_MANIFA-08-22-768x512.jpg 768w, https:\/\/static-blogs.hoy.es\/wp-content\/uploads\/sites\/24\/2012\/10\/LOREN_MANIFA-08-22-650x433.jpg 650w\" sizes=\"(max-width: 300px) 100vw, 300px\" \/><\/a><\/p>\n<p>Un polic\u00eda nacional impide el paso a varios estudiantes en la manifestaci\u00f3n celebrada en C\u00e1ceres el 17 de octubre de 2012.<\/p>\n<!-- AddThis Advanced Settings generic via filter on the_content --><!-- AddThis Share Buttons generic via filter on the_content -->"},"caption":{"rendered":"<p>Un polic\u00eda nacional impide el paso a varios estudiantes en la manifestaci\u00f3n celebrada en C\u00e1ceres el 17 de octubre de 2012.<!-- AddThis Advanced Settings generic via filter on get_the_excerpt --><!-- AddThis Share Buttons generic via filter on get_the_excerpt --><\/p>\n"},"alt_text":"Un polic\u00eda nacional impide el paso a varios estudiantes en la manifestaci\u00f3n celebrada en C\u00e1ceres el 17 de octubre de 2012.","media_type":"image","mime_type":"image\/jpeg","media_details":{"width":3150,"height":2100,"file":"2012\/10\/LOREN_MANIFA-08-22.jpg","sizes":{"thumbnail":{"file":"LOREN_MANIFA-08-22-150x100.jpg","width":150,"height":100,"mime_type":"image\/jpeg","source_url":"https:\/\/blogs.hoy.es\/lamiradaatenta\/wp-content\/uploads\/sites\/24\/2012\/10\/LOREN_MANIFA-08-22-150x100.jpg"},"medium":{"file":"LOREN_MANIFA-08-22-300x200.jpg","width":300,"height":200,"mime_type":"image\/jpeg","source_url":"https:\/\/blogs.hoy.es\/lamiradaatenta\/wp-content\/uploads\/sites\/24\/2012\/10\/LOREN_MANIFA-08-22-300x200.jpg"},"medium_large":{"file":"LOREN_MANIFA-08-22-768x512.jpg","width":768,"height":512,"mime_type":"image\/jpeg","source_url":"https:\/\/blogs.hoy.es\/lamiradaatenta\/wp-content\/uploads\/sites\/24\/2012\/10\/LOREN_MANIFA-08-22-768x512.jpg"},"large":{"file":"LOREN_MANIFA-08-22-650x433.jpg","width":650,"height":433,"mime_type":"image\/jpeg","source_url":"https:\/\/blogs.hoy.es\/lamiradaatenta\/wp-content\/uploads\/sites\/24\/2012\/10\/LOREN_MANIFA-08-22-650x433.jpg"},"full":{"file":"LOREN_MANIFA-08-22.jpg","width":3150,"height":2100,"mime_type":"image\/jpeg","source_url":"https:\/\/blogs.hoy.es\/lamiradaatenta\/wp-content\/uploads\/sites\/24\/2012\/10\/LOREN_MANIFA-08-22.jpg"}},"image_meta":{"aperture":"8","credit":"Lorenzo Cordero","camera":"Canon EOS 60D","caption":"","created_timestamp":"1350475346","copyright":"","focal_length":"35","iso":"400","shutter_speed":"0.0025","title":"","orientation":"1","keywords":[]}},"post":363,"source_url":"https:\/\/blogs.hoy.es\/lamiradaatenta\/wp-content\/uploads\/sites\/24\/2012\/10\/LOREN_MANIFA-08-22.jpg","_links":{"self":[{"href":"https:\/\/blogs.hoy.es\/lamiradaatenta\/wp-json\/wp\/v2\/media\/373"}],"collection":[{"href":"https:\/\/blogs.hoy.es\/lamiradaatenta\/wp-json\/wp\/v2\/media"}],"about":[{"href":"https:\/\/blogs.hoy.es\/lamiradaatenta\/wp-json\/wp\/v2\/types\/attachment"}],"author":[{"embeddable":true,"href":"https:\/\/blogs.hoy.es\/lamiradaatenta\/wp-json\/wp\/v2\/users\/3"}],"replies":[{"embeddable":true,"href":"https:\/\/blogs.hoy.es\/lamiradaatenta\/wp-json\/wp\/v2\/comments?post=373"}]}}

Un policía nacional impide el paso a varios estudiantes en la manifestación celebrada en Cáceres el 17 de octubre de 2012.

<p class="attachment"><a href="https://static-blogs.hoy.es/wp-content/uploads/sites/24/2012/10/LOREN_MANIFA-08-22.jpg"><img width="300" height="200" src="https://static-blogs.hoy.es/wp-content/uploads/sites/24/2012/10/LOREN_MANIFA-08-22-300x200.jpg" class="attachment-medium size-medium" alt="Un policía nacional impide el paso a varios estudiantes en la manifestación celebrada en Cáceres el 17 de octubre de 2012." loading="lazy" srcset="https://static-blogs.hoy.es/wp-content/uploads/sites/24/2012/10/LOREN_MANIFA-08-22-300x200.jpg 300w, https://static-blogs.hoy.es/wp-content/uploads/sites/24/2012/10/LOREN_MANIFA-08-22-150x100.jpg 150w, https://static-blogs.hoy.es/wp-content/uploads/sites/24/2012/10/LOREN_MANIFA-08-22-768x512.jpg 768w, https://static-blogs.hoy.es/wp-content/uploads/sites/24/2012/10/LOREN_MANIFA-08-22-650x433.jpg 650w" sizes="(max-width: 300px) 100vw, 300px" /></a></p>
<p>Un policía nacional impide el paso a varios estudiantes en la manifestación celebrada en Cáceres el 17 de octubre de 2012.</p>
<!-- AddThis Advanced Settings generic via filter on the_content --><!-- AddThis Share Buttons generic via filter on the_content -->

<p>Un policía nacional impide el paso a varios estudiantes en la manifestación celebrada en Cáceres el 17 de octubre de 2012.<!-- AddThis Advanced Settings generic via filter on get_the_excerpt --><!-- AddThis Share Buttons generic via filter on get_the_excerpt --></p>
