{"id":417,"date":"2013-03-21T18:21:30","date_gmt":"2013-03-21T17:21:30","guid":{"rendered":"http:\/\/blogs.hoy.es\/lamiradaatenta\/wp-content\/uploads\/sites\/24\/2013\/03\/SECUENCIA-CIERVO-bajafeten.jpg"},"modified":"2013-03-21T18:21:30","modified_gmt":"2013-03-21T17:21:30","slug":"secuencia-ciervo-bajafeten","status":"inherit","type":"attachment","link":"https:\/\/blogs.hoy.es\/lamiradaatenta\/2013\/03\/21\/fotografiando-naturaleza-mucha-paciencia\/secuencia-ciervo-bajafeten\/","title":{"rendered":"Un ciervo en Monfrag\u00fce aliment\u00e1ndose de las hojas de los \u00e1rboles (2012)."},"author":3,"comment_status":"open","ping_status":"closed","template":"","meta":[],"description":{"rendered":"<p class=\"attachment\"><a href=\"https:\/\/static-blogs.hoy.es\/wp-content\/uploads\/sites\/24\/2013\/03\/SECUENCIA-CIERVO-bajafeten.jpg\"><img width=\"300\" height=\"147\" src=\"https:\/\/static-blogs.hoy.es\/wp-content\/uploads\/sites\/24\/2013\/03\/SECUENCIA-CIERVO-bajafeten-300x147.jpg\" class=\"attachment-medium size-medium\" alt=\"Un ciervo en Monfrag\u00fce aliment\u00e1ndose de las hojas de los \u00e1rboles (2012).\" loading=\"lazy\" srcset=\"https:\/\/static-blogs.hoy.es\/wp-content\/uploads\/sites\/24\/2013\/03\/SECUENCIA-CIERVO-bajafeten-300x147.jpg 300w, https:\/\/static-blogs.hoy.es\/wp-content\/uploads\/sites\/24\/2013\/03\/SECUENCIA-CIERVO-bajafeten-150x73.jpg 150w, https:\/\/static-blogs.hoy.es\/wp-content\/uploads\/sites\/24\/2013\/03\/SECUENCIA-CIERVO-bajafeten.jpg 600w\" sizes=\"(max-width: 300px) 100vw, 300px\" \/><\/a><\/p>\n<p>Un ciervo en Monfrag\u00fce aliment\u00e1ndose de las hojas de los \u00e1rboles (2012).<\/p>\n<!-- AddThis Advanced Settings generic via filter on the_content --><!-- AddThis Share Buttons generic via filter on the_content -->"},"caption":{"rendered":"<p>Un ciervo en Monfrag\u00fce aliment\u00e1ndose de las hojas de los \u00e1rboles (2012).<!-- AddThis Advanced Settings generic via filter on get_the_excerpt --><!-- AddThis Share Buttons generic via filter on get_the_excerpt --><\/p>\n"},"alt_text":"Un ciervo en Monfrag\u00fce aliment\u00e1ndose de las hojas de los \u00e1rboles (2012).","media_type":"image","mime_type":"image\/jpeg","media_details":{"width":600,"height":293,"file":"2013\/03\/SECUENCIA-CIERVO-bajafeten.jpg","sizes":{"thumbnail":{"file":"SECUENCIA-CIERVO-bajafeten-150x73.jpg","width":150,"height":73,"mime_type":"image\/jpeg","source_url":"https:\/\/blogs.hoy.es\/lamiradaatenta\/wp-content\/uploads\/sites\/24\/2013\/03\/SECUENCIA-CIERVO-bajafeten-150x73.jpg"},"medium":{"file":"SECUENCIA-CIERVO-bajafeten-300x147.jpg","width":300,"height":147,"mime_type":"image\/jpeg","source_url":"https:\/\/blogs.hoy.es\/lamiradaatenta\/wp-content\/uploads\/sites\/24\/2013\/03\/SECUENCIA-CIERVO-bajafeten-300x147.jpg"},"full":{"file":"SECUENCIA-CIERVO-bajafeten.jpg","width":600,"height":293,"mime_type":"image\/jpeg","source_url":"https:\/\/blogs.hoy.es\/lamiradaatenta\/wp-content\/uploads\/sites\/24\/2013\/03\/SECUENCIA-CIERVO-bajafeten.jpg"}},"image_meta":{"aperture":"5.6","credit":"Lorenzo Cordero","camera":"Canon EOS 60D","caption":"","created_timestamp":"1349460844","copyright":"","focal_length":"200","iso":"640","shutter_speed":"0.01","title":"","orientation":"1","keywords":[]}},"post":413,"source_url":"https:\/\/blogs.hoy.es\/lamiradaatenta\/wp-content\/uploads\/sites\/24\/2013\/03\/SECUENCIA-CIERVO-bajafeten.jpg","_links":{"self":[{"href":"https:\/\/blogs.hoy.es\/lamiradaatenta\/wp-json\/wp\/v2\/media\/417"}],"collection":[{"href":"https:\/\/blogs.hoy.es\/lamiradaatenta\/wp-json\/wp\/v2\/media"}],"about":[{"href":"https:\/\/blogs.hoy.es\/lamiradaatenta\/wp-json\/wp\/v2\/types\/attachment"}],"author":[{"embeddable":true,"href":"https:\/\/blogs.hoy.es\/lamiradaatenta\/wp-json\/wp\/v2\/users\/3"}],"replies":[{"embeddable":true,"href":"https:\/\/blogs.hoy.es\/lamiradaatenta\/wp-json\/wp\/v2\/comments?post=417"}]}}

Un ciervo en Monfragüe alimentándose de las hojas de los árboles (2012).

<p class="attachment"><a href="https://static-blogs.hoy.es/wp-content/uploads/sites/24/2013/03/SECUENCIA-CIERVO-bajafeten.jpg"><img width="300" height="147" src="https://static-blogs.hoy.es/wp-content/uploads/sites/24/2013/03/SECUENCIA-CIERVO-bajafeten-300x147.jpg" class="attachment-medium size-medium" alt="Un ciervo en Monfragüe alimentándose de las hojas de los árboles (2012)." loading="lazy" srcset="https://static-blogs.hoy.es/wp-content/uploads/sites/24/2013/03/SECUENCIA-CIERVO-bajafeten-300x147.jpg 300w, https://static-blogs.hoy.es/wp-content/uploads/sites/24/2013/03/SECUENCIA-CIERVO-bajafeten-150x73.jpg 150w, https://static-blogs.hoy.es/wp-content/uploads/sites/24/2013/03/SECUENCIA-CIERVO-bajafeten.jpg 600w" sizes="(max-width: 300px) 100vw, 300px" /></a></p>
<p>Un ciervo en Monfragüe alimentándose de las hojas de los árboles (2012).</p>
<!-- AddThis Advanced Settings generic via filter on the_content --><!-- AddThis Share Buttons generic via filter on the_content -->

<p>Un ciervo en Monfragüe alimentándose de las hojas de los árboles (2012).<!-- AddThis Advanced Settings generic via filter on get_the_excerpt --><!-- AddThis Share Buttons generic via filter on get_the_excerpt --></p>
