{"id":125,"date":"2013-08-28T17:29:07","date_gmt":"2013-08-28T15:29:07","guid":{"rendered":"http:\/\/blogs.hoy.es\/lostesorosdelaraya\/?page_id=125"},"modified":"2013-08-28T17:29:07","modified_gmt":"2013-08-28T15:29:07","slug":"sesimbra-tesoro-escondido-en-la-sierra-de-arrabida","status":"publish","type":"page","link":"https:\/\/blogs.hoy.es\/lostesorosdelaraya\/sesimbra-tesoro-escondido-en-la-sierra-de-arrabida\/","title":{"rendered":"Sesimbra, tesoro escondido en la Sierra de Arr\u00e1bida"},"content":{"rendered":"<div id=\"attachment_126\" style=\"width: 665px\" class=\"wp-caption aligncenter\"><a href=\"\/lostesorosdelaraya\/wp-content\/uploads\/sites\/84\/2013\/08\/L\u00ednea-de-playa-desde-la-Sierra-de-Arr\u00e1bida.jpg\"><img aria-describedby=\"caption-attachment-126\" loading=\"lazy\" class=\" wp-image-126  \" title=\"L\u00ednea de playa desde la Sierra de Arr\u00e1bida\" src=\"\/lostesorosdelaraya\/wp-content\/uploads\/sites\/84\/2013\/08\/L\u00ednea-de-playa-desde-la-Sierra-de-Arr\u00e1bida.jpg\" alt=\"L\u00ednea de playa desde la Sierra de Arr\u00e1bida\" width=\"655\" height=\"491\" srcset=\"https:\/\/static-blogs.hoy.es\/wp-content\/uploads\/sites\/84\/2013\/08\/L\u00ednea-de-playa-desde-la-Sierra-de-Arr\u00e1bida.jpg 1647w, https:\/\/static-blogs.hoy.es\/wp-content\/uploads\/sites\/84\/2013\/08\/L\u00ednea-de-playa-desde-la-Sierra-de-Arr\u00e1bida-300x225.jpg 300w, https:\/\/static-blogs.hoy.es\/wp-content\/uploads\/sites\/84\/2013\/08\/L\u00ednea-de-playa-desde-la-Sierra-de-Arr\u00e1bida-768x576.jpg 768w, https:\/\/static-blogs.hoy.es\/wp-content\/uploads\/sites\/84\/2013\/08\/L\u00ednea-de-playa-desde-la-Sierra-de-Arr\u00e1bida-1024x768.jpg 1024w\" sizes=\"(max-width: 655px) 100vw, 655px\" \/><\/a><p id=\"caption-attachment-126\" class=\"wp-caption-text\">L\u00ednea de playa desde la Sierra de Arr\u00e1bida<\/p><\/div>\n<p><strong>Desde el estuario del r\u00edo <em>Sado <\/em>hasta el del <em>Tejo<\/em><\/strong>, tenemos un rosario de playas que son el destino m\u00e1s cercano de los veraneantes de Badajoz y de gran parte de Extremadura, al tiempo que cita obligada para los propios portugueses.<\/p>\n<p>Inmediatamente despu\u00e9s de Set\u00fabal, comienza la <strong>intrincada y bell\u00edsima <em>Serra da Arr\u00e1bida<\/em>, Parque Natural<\/strong>, que en su borde sur se arrima al mar por medio de peque\u00f1as calas, en las que se disfruta del agua rodeados de intensos, apretados bosques de pinos y alcornoques.<\/p>\n<p>La <em>Serra da Arr\u00e1bida<\/em>, de donde procede el <strong>delicioso queso de <em>Azeit\u00e3o <\/em>y espl\u00e9ndidos vinos<\/strong> de cosechas peque\u00f1as y selectas, tiene un encanto natural que encontraremos en pocos lugares, con sus senderos sinuosos, intrincados cerros, peque\u00f1os pueblecitos, sosiego y paz inalterados en medio mismo del bullicio al borde de Set\u00fabal y a un paso de la gran Lisboa.<\/p>\n<p><strong><em>Portinho da Arr\u00e1bida<\/em><\/strong>, con su playa a medio camino entre S\u00e9tubal y Sesimbra y su <strong>Museo Oceanogr\u00e1fico en el Forte de Santa Mar\u00eda<\/strong> -que vigila este entrante- es una buena opci\u00f3n de parada entre las m\u00faltiples del camino. Sus restaurantes, alzados sobre pilotes a la orilla del mar, ofrecen toda clase de <strong>pescados y mariscos asados y cocidos<\/strong>, para degustar bajo el azote de las olas y entre la espera de las m\u00faltiples gaviotas que vigilan nuestros movimientos.<\/p>\n<div id=\"attachment_127\" style=\"width: 665px\" class=\"wp-caption aligncenter\"><a href=\"\/lostesorosdelaraya\/wp-content\/uploads\/sites\/84\/2013\/08\/Playa-de-Sesimbra.jpg\"><img aria-describedby=\"caption-attachment-127\" loading=\"lazy\" class=\" wp-image-127  \" title=\"Playa de Sesimbra\" src=\"\/lostesorosdelaraya\/wp-content\/uploads\/sites\/84\/2013\/08\/Playa-de-Sesimbra.jpg\" alt=\"Playa de Sesimbra\" width=\"655\" height=\"491\" srcset=\"https:\/\/static-blogs.hoy.es\/wp-content\/uploads\/sites\/84\/2013\/08\/Playa-de-Sesimbra.jpg 1536w, https:\/\/static-blogs.hoy.es\/wp-content\/uploads\/sites\/84\/2013\/08\/Playa-de-Sesimbra-300x225.jpg 300w, https:\/\/static-blogs.hoy.es\/wp-content\/uploads\/sites\/84\/2013\/08\/Playa-de-Sesimbra-768x576.jpg 768w, https:\/\/static-blogs.hoy.es\/wp-content\/uploads\/sites\/84\/2013\/08\/Playa-de-Sesimbra-1024x768.jpg 1024w\" sizes=\"(max-width: 655px) 100vw, 655px\" \/><\/a><p id=\"caption-attachment-127\" class=\"wp-caption-text\">Playa de Sesimbra<\/p><\/div>\n<p>Participando de su verdor -y anunciando otro espacio incre\u00edble de gigantescas piedras calizas con plegamientos aflorados al borde del mar-, la ciudad de <strong>Sesimbra. Precioso pueblo de pescadores, de una extens\u00edsima playa que termina en el puerto pesquero<\/strong> y queda recogida por las monta\u00f1as que protegen la poblaci\u00f3n como si fueran grandes manos formando un cuenco.<\/p>\n<p>Sesimbra est\u00e1 escoltada desde lo alto por un <strong>magn\u00edfico castillo de origen musulm\u00e1n, tomado en 1147 por D. Afonso Henriques,<\/strong> primer rey de Portugal. Rehabilitado en 1200 por el rey D. Sancho I, tras intensas guerras con los almohades, pas\u00f3 a manos de la Orden de Santiago. Las vistas a la <em>Serra da Arr\u00e1bida <\/em>y a Sesimbra desde all\u00ed son espectaculares, y el paseo por las laderas, muy cuidadas, resulta gratificante, con la visi\u00f3n del mar inmenso al fondo.<\/p>\n<p>Abajo &#8211;<strong>cortando en dos la playa, en marea alta- est\u00e1 la Fortaleza de Santiago, mandada construir por el rey D. Manuel<\/strong>, conclu\u00edda en 1648. Se mantuvo como fortaleza militar hasta 1832 y actualmente pertenece a la Guarda Fiscal, pero puede visitarse libremente durante gran parte del d\u00eda. Hasta all\u00ed nos llega el olor irresistible de los asados de los m\u00faltiples restaurantes de la ciudad. Pescados y mariscos reci\u00e9n capturados son una tentadora oferta para el visitante, que aqu\u00ed se encuentra en un para\u00edso gastron\u00f3mico portuario, con precios razonables.<\/p>\n<div id=\"attachment_128\" style=\"width: 665px\" class=\"wp-caption aligncenter\"><a href=\"\/lostesorosdelaraya\/wp-content\/uploads\/sites\/84\/2013\/08\/Acantilados-de-Cabo-Espichel.jpg\"><img aria-describedby=\"caption-attachment-128\" loading=\"lazy\" class=\" wp-image-128  \" title=\"Acantilados de Cabo Espichel\" src=\"\/lostesorosdelaraya\/wp-content\/uploads\/sites\/84\/2013\/08\/Acantilados-de-Cabo-Espichel.jpg\" alt=\"Acantilados de Cabo Espichel\" width=\"655\" height=\"491\" srcset=\"https:\/\/static-blogs.hoy.es\/wp-content\/uploads\/sites\/84\/2013\/08\/Acantilados-de-Cabo-Espichel.jpg 1280w, https:\/\/static-blogs.hoy.es\/wp-content\/uploads\/sites\/84\/2013\/08\/Acantilados-de-Cabo-Espichel-300x225.jpg 300w, https:\/\/static-blogs.hoy.es\/wp-content\/uploads\/sites\/84\/2013\/08\/Acantilados-de-Cabo-Espichel-768x576.jpg 768w, https:\/\/static-blogs.hoy.es\/wp-content\/uploads\/sites\/84\/2013\/08\/Acantilados-de-Cabo-Espichel-1024x768.jpg 1024w\" sizes=\"(max-width: 655px) 100vw, 655px\" \/><\/a><p id=\"caption-attachment-128\" class=\"wp-caption-text\">Acantilados de Cabo Espichel<\/p><\/div>\n<p>A unos doce kil\u00f3metros est\u00e1 el <strong><em>Cabo Espichel<\/em>, cortado sobre el mar a una imponente altura<\/strong>, y desde donde vemos, diminutas, playitas que nos parecen como de juguete. Aqu\u00ed podemos seguir las huellas de dinosaurios que poblaron la zona hace doscientos millones de a\u00f1os y encontrar -con un poco de suerte- algunos f\u00f3siles de ammonites y pedruscos calizos de caprichosos plegamientos en tirabuz\u00f3n, rizo, espiral&#8230;<\/p>\n<p>Desde este cabo hasta la misma desembocadura del Tajo, nuevamente <strong>las playas se dan la mano una a otra, entre escarpes calizos y de arenisca profundamente erosionados y de gran belleza<\/strong>: <em>Praia de Albufeira<\/em>, de suave inclinaci\u00f3n arenosa hasta Caparica, con un fondo interior impresionante de relieve f\u00f3sil, que posee la calificaci\u00f3n de <em>Paisagem Protegida<\/em>. Sus c\u00e1rcavas en abanico, iluminadas por el sol poniente, adquieren tonos anaranjados que dan la sensaci\u00f3n de grandes masas de tierra encendida.<\/p>\n<p>Lugares para pasear, recrearse en la fantas\u00eda de las rocas, respirar tranquilidad. A un paso mismo de all\u00ed, la Bah\u00eda del Tajo forma un mar interior que nos conduce hasta el bullicio de Lisboa.<\/p>\n<!-- AddThis Advanced Settings generic via filter on the_content --><!-- AddThis Share Buttons generic via filter on the_content -->","protected":false},"excerpt":{"rendered":"<p>Desde el estuario del r\u00edo Sado hasta el del Tejo, tenemos un rosario de playas que son el destino m\u00e1s cercano de los veraneantes de Badajoz y de gran parte de Extremadura, al tiempo que cita obligada para los propios portugueses. Inmediatamente despu\u00e9s de Set\u00fabal, comienza la intrincada y bell\u00edsima Serra da Arr\u00e1bida, Parque Natural, [&hellip;]<!-- AddThis Advanced Settings generic via filter on get_the_excerpt --><!-- AddThis Share Buttons generic via filter on get_the_excerpt --><\/p>\n","protected":false},"author":107,"featured_media":0,"parent":0,"menu_order":0,"comment_status":"open","ping_status":"closed","template":"","meta":[],"_links":{"self":[{"href":"https:\/\/blogs.hoy.es\/lostesorosdelaraya\/wp-json\/wp\/v2\/pages\/125"}],"collection":[{"href":"https:\/\/blogs.hoy.es\/lostesorosdelaraya\/wp-json\/wp\/v2\/pages"}],"about":[{"href":"https:\/\/blogs.hoy.es\/lostesorosdelaraya\/wp-json\/wp\/v2\/types\/page"}],"author":[{"embeddable":true,"href":"https:\/\/blogs.hoy.es\/lostesorosdelaraya\/wp-json\/wp\/v2\/users\/107"}],"replies":[{"embeddable":true,"href":"https:\/\/blogs.hoy.es\/lostesorosdelaraya\/wp-json\/wp\/v2\/comments?post=125"}],"version-history":[{"count":0,"href":"https:\/\/blogs.hoy.es\/lostesorosdelaraya\/wp-json\/wp\/v2\/pages\/125\/revisions"}],"wp:attachment":[{"href":"https:\/\/blogs.hoy.es\/lostesorosdelaraya\/wp-json\/wp\/v2\/media?parent=125"}],"curies":[{"name":"wp","href":"https:\/\/api.w.org\/{rel}","templated":true}]}}