{"id":177,"date":"2013-02-24T20:31:17","date_gmt":"2013-02-24T20:31:17","guid":{"rendered":"http:\/\/blogs.hoy.es\/meteobadajoz\/wp-content\/uploads\/sites\/68\/2013\/02\/Evouc\u00f3n-mapa-isob\u00e1rico1.gif"},"modified":"2013-02-24T20:31:17","modified_gmt":"2013-02-24T20:31:17","slug":"evoucon-mapa-isobarico-2","status":"inherit","type":"attachment","link":"https:\/\/blogs.hoy.es\/meteobadajoz\/2013\/02\/24\/semana-con-tiempo-tranquilo-pero-con-novedades-a-medio-plazo\/evoucon-mapa-isobarico-2\/","title":{"rendered":"Evoluci\u00f3n mapa isob\u00e1rico"},"author":75,"comment_status":"open","ping_status":"closed","template":"","meta":[],"description":{"rendered":"<p class=\"attachment\"><a href=\"https:\/\/static-blogs.hoy.es\/wp-content\/uploads\/sites\/68\/2013\/02\/Evouc\u00f3n-mapa-isob\u00e1rico1.gif\"><img width=\"300\" height=\"200\" src=\"https:\/\/static-blogs.hoy.es\/wp-content\/uploads\/sites\/68\/2013\/02\/Evouc\u00f3n-mapa-isob\u00e1rico1-300x200.gif\" class=\"attachment-medium size-medium\" alt=\"\" loading=\"lazy\" srcset=\"https:\/\/static-blogs.hoy.es\/wp-content\/uploads\/sites\/68\/2013\/02\/Evouc\u00f3n-mapa-isob\u00e1rico1-300x200.gif 300w, https:\/\/static-blogs.hoy.es\/wp-content\/uploads\/sites\/68\/2013\/02\/Evouc\u00f3n-mapa-isob\u00e1rico1-768x512.gif 768w\" sizes=\"(max-width: 300px) 100vw, 300px\" \/><\/a><\/p>\n<!-- AddThis Advanced Settings generic via filter on the_content --><!-- AddThis Share Buttons generic via filter on the_content -->"},"caption":{"rendered":"<p><!-- AddThis Advanced Settings generic via filter on get_the_excerpt --><!-- AddThis Share Buttons generic via filter on get_the_excerpt --><\/p>\n"},"alt_text":"","media_type":"image","mime_type":"image\/gif","media_details":{"width":768,"height":512,"file":"2013\/02\/Evouc\u00f3n-mapa-isob\u00e1rico1.gif","sizes":{"thumbnail":{"file":"Evouc\u00f3n-mapa-isob\u00e1rico1-150x150.gif","width":150,"height":150,"mime_type":"image\/gif","source_url":"https:\/\/blogs.hoy.es\/meteobadajoz\/wp-content\/uploads\/sites\/68\/2013\/02\/Evouc\u00f3n-mapa-isob\u00e1rico1-150x150.gif"},"medium":{"file":"Evouc\u00f3n-mapa-isob\u00e1rico1-300x200.gif","width":300,"height":200,"mime_type":"image\/gif","source_url":"https:\/\/blogs.hoy.es\/meteobadajoz\/wp-content\/uploads\/sites\/68\/2013\/02\/Evouc\u00f3n-mapa-isob\u00e1rico1-300x200.gif"},"medium_large":{"file":"Evouc\u00f3n-mapa-isob\u00e1rico1-768x512.gif","width":768,"height":512,"mime_type":"image\/gif","source_url":"https:\/\/blogs.hoy.es\/meteobadajoz\/wp-content\/uploads\/sites\/68\/2013\/02\/Evouc\u00f3n-mapa-isob\u00e1rico1-768x512.gif"},"full":{"file":"Evouc\u00f3n-mapa-isob\u00e1rico1.gif","width":768,"height":512,"mime_type":"image\/gif","source_url":"https:\/\/blogs.hoy.es\/meteobadajoz\/wp-content\/uploads\/sites\/68\/2013\/02\/Evouc\u00f3n-mapa-isob\u00e1rico1.gif"}},"image_meta":{"aperture":"0","credit":"","camera":"","caption":"","created_timestamp":"0","copyright":"","focal_length":"0","iso":"0","shutter_speed":"0","title":"","orientation":"0","keywords":[]}},"post":170,"source_url":"https:\/\/blogs.hoy.es\/meteobadajoz\/wp-content\/uploads\/sites\/68\/2013\/02\/Evouc\u00f3n-mapa-isob\u00e1rico1.gif","_links":{"self":[{"href":"https:\/\/blogs.hoy.es\/meteobadajoz\/wp-json\/wp\/v2\/media\/177"}],"collection":[{"href":"https:\/\/blogs.hoy.es\/meteobadajoz\/wp-json\/wp\/v2\/media"}],"about":[{"href":"https:\/\/blogs.hoy.es\/meteobadajoz\/wp-json\/wp\/v2\/types\/attachment"}],"author":[{"embeddable":true,"href":"https:\/\/blogs.hoy.es\/meteobadajoz\/wp-json\/wp\/v2\/users\/75"}],"replies":[{"embeddable":true,"href":"https:\/\/blogs.hoy.es\/meteobadajoz\/wp-json\/wp\/v2\/comments?post=177"}]}}

http://blogs.hoy.es/meteobadajoz/wp-content/uploads/sites/68/2013/02/Evoucón-mapa-isobárico1.gif

Evolución mapa isobárico

<p class="attachment"><a href="https://static-blogs.hoy.es/wp-content/uploads/sites/68/2013/02/Evoucón-mapa-isobárico1.gif"><img width="300" height="200" src="https://static-blogs.hoy.es/wp-content/uploads/sites/68/2013/02/Evoucón-mapa-isobárico1-300x200.gif" class="attachment-medium size-medium" alt="" loading="lazy" srcset="https://static-blogs.hoy.es/wp-content/uploads/sites/68/2013/02/Evoucón-mapa-isobárico1-300x200.gif 300w, https://static-blogs.hoy.es/wp-content/uploads/sites/68/2013/02/Evoucón-mapa-isobárico1-768x512.gif 768w" sizes="(max-width: 300px) 100vw, 300px" /></a></p>
<!-- AddThis Advanced Settings generic via filter on the_content --><!-- AddThis Share Buttons generic via filter on the_content -->

2013/02/Evoucón-mapa-isobárico1.gif

Evoucón-mapa-isobárico1-150x150.gif

https://blogs.hoy.es/meteobadajoz/wp-content/uploads/sites/68/2013/02/Evoucón-mapa-isobárico1-150x150.gif

Evoucón-mapa-isobárico1-300x200.gif

https://blogs.hoy.es/meteobadajoz/wp-content/uploads/sites/68/2013/02/Evoucón-mapa-isobárico1-300x200.gif

Evoucón-mapa-isobárico1-768x512.gif

https://blogs.hoy.es/meteobadajoz/wp-content/uploads/sites/68/2013/02/Evoucón-mapa-isobárico1-768x512.gif

Evoucón-mapa-isobárico1.gif

https://blogs.hoy.es/meteobadajoz/wp-content/uploads/sites/68/2013/02/Evoucón-mapa-isobárico1.gif
