{"id":213,"date":"2013-03-08T20:27:06","date_gmt":"2013-03-08T19:27:06","guid":{"rendered":"http:\/\/blogs.hoy.es\/meteobadajoz\/wp-content\/uploads\/sites\/68\/2013\/03\/gfs_pi_v10m_024.png"},"modified":"2013-03-08T20:27:06","modified_gmt":"2013-03-08T19:27:06","slug":"gfs_pi_v10m_024","status":"inherit","type":"attachment","link":"https:\/\/blogs.hoy.es\/meteobadajoz\/2013\/03\/08\/fin-de-semana-de-lluvias-y-de-descenso-ligero-de-las-temperaturas\/gfs_pi_v10m_024\/","title":{"rendered":"Posici\u00f3n de la borrasca atl\u00e1ntica prevista para el s\u00e1bado 9 de Marzo de 2013, a las 12h"},"author":75,"comment_status":"open","ping_status":"closed","template":"","meta":[],"description":{"rendered":"<p class=\"attachment\"><a href=\"https:\/\/static-blogs.hoy.es\/wp-content\/uploads\/sites\/68\/2013\/03\/gfs_pi_v10m_024.png\"><img width=\"300\" height=\"225\" src=\"https:\/\/static-blogs.hoy.es\/wp-content\/uploads\/sites\/68\/2013\/03\/gfs_pi_v10m_024-300x225.png\" class=\"attachment-medium size-medium\" alt=\"\" loading=\"lazy\" srcset=\"https:\/\/static-blogs.hoy.es\/wp-content\/uploads\/sites\/68\/2013\/03\/gfs_pi_v10m_024-300x225.png 300w, https:\/\/static-blogs.hoy.es\/wp-content\/uploads\/sites\/68\/2013\/03\/gfs_pi_v10m_024-768x576.png 768w, https:\/\/static-blogs.hoy.es\/wp-content\/uploads\/sites\/68\/2013\/03\/gfs_pi_v10m_024.png 800w\" sizes=\"(max-width: 300px) 100vw, 300px\" \/><\/a><\/p>\n<!-- AddThis Advanced Settings generic via filter on the_content --><!-- AddThis Share Buttons generic via filter on the_content -->"},"caption":{"rendered":"<p><!-- AddThis Advanced Settings generic via filter on get_the_excerpt --><!-- AddThis Share Buttons generic via filter on get_the_excerpt --><\/p>\n"},"alt_text":"","media_type":"image","mime_type":"image\/png","media_details":{"width":800,"height":600,"file":"2013\/03\/gfs_pi_v10m_024.png","sizes":{"thumbnail":{"file":"gfs_pi_v10m_024-150x150.png","width":150,"height":150,"mime_type":"image\/png","source_url":"https:\/\/blogs.hoy.es\/meteobadajoz\/wp-content\/uploads\/sites\/68\/2013\/03\/gfs_pi_v10m_024-150x150.png"},"medium":{"file":"gfs_pi_v10m_024-300x225.png","width":300,"height":225,"mime_type":"image\/png","source_url":"https:\/\/blogs.hoy.es\/meteobadajoz\/wp-content\/uploads\/sites\/68\/2013\/03\/gfs_pi_v10m_024-300x225.png"},"medium_large":{"file":"gfs_pi_v10m_024-768x576.png","width":768,"height":576,"mime_type":"image\/png","source_url":"https:\/\/blogs.hoy.es\/meteobadajoz\/wp-content\/uploads\/sites\/68\/2013\/03\/gfs_pi_v10m_024-768x576.png"},"full":{"file":"gfs_pi_v10m_024.png","width":800,"height":600,"mime_type":"image\/png","source_url":"https:\/\/blogs.hoy.es\/meteobadajoz\/wp-content\/uploads\/sites\/68\/2013\/03\/gfs_pi_v10m_024.png"}},"image_meta":{"aperture":"0","credit":"","camera":"","caption":"","created_timestamp":"0","copyright":"","focal_length":"0","iso":"0","shutter_speed":"0","title":"","orientation":"0","keywords":[]}},"post":212,"source_url":"https:\/\/blogs.hoy.es\/meteobadajoz\/wp-content\/uploads\/sites\/68\/2013\/03\/gfs_pi_v10m_024.png","_links":{"self":[{"href":"https:\/\/blogs.hoy.es\/meteobadajoz\/wp-json\/wp\/v2\/media\/213"}],"collection":[{"href":"https:\/\/blogs.hoy.es\/meteobadajoz\/wp-json\/wp\/v2\/media"}],"about":[{"href":"https:\/\/blogs.hoy.es\/meteobadajoz\/wp-json\/wp\/v2\/types\/attachment"}],"author":[{"embeddable":true,"href":"https:\/\/blogs.hoy.es\/meteobadajoz\/wp-json\/wp\/v2\/users\/75"}],"replies":[{"embeddable":true,"href":"https:\/\/blogs.hoy.es\/meteobadajoz\/wp-json\/wp\/v2\/comments?post=213"}]}}

Posición de la borrasca atlántica prevista para el sábado 9 de Marzo de 2013, a las 12h
