{"id":328,"date":"2013-04-15T16:36:27","date_gmt":"2013-04-15T15:36:27","guid":{"rendered":"http:\/\/blogs.hoy.es\/meteobadajoz\/wp-content\/uploads\/sites\/68\/2013\/04\/An\u00e1lisis2.png"},"modified":"2013-04-15T16:36:27","modified_gmt":"2013-04-15T15:36:27","slug":"analisis2","status":"inherit","type":"attachment","link":"https:\/\/blogs.hoy.es\/meteobadajoz\/2013\/04\/15\/semana-calurosa\/analisis2\/","title":{"rendered":"An\u00e1lisis de la posici\u00f3n de los centros de acci\u00f3n y movimiento de los vientos."},"author":75,"comment_status":"open","ping_status":"closed","template":"","meta":[],"description":{"rendered":"<p class=\"attachment\"><a href=\"https:\/\/static-blogs.hoy.es\/wp-content\/uploads\/sites\/68\/2013\/04\/An\u00e1lisis2.png\"><img width=\"300\" height=\"229\" src=\"https:\/\/static-blogs.hoy.es\/wp-content\/uploads\/sites\/68\/2013\/04\/An\u00e1lisis2-300x229.png\" class=\"attachment-medium size-medium\" alt=\"\" loading=\"lazy\" srcset=\"https:\/\/static-blogs.hoy.es\/wp-content\/uploads\/sites\/68\/2013\/04\/An\u00e1lisis2-300x229.png 300w, https:\/\/static-blogs.hoy.es\/wp-content\/uploads\/sites\/68\/2013\/04\/An\u00e1lisis2-768x585.png 768w, https:\/\/static-blogs.hoy.es\/wp-content\/uploads\/sites\/68\/2013\/04\/An\u00e1lisis2.png 782w\" sizes=\"(max-width: 300px) 100vw, 300px\" \/><\/a><\/p>\n<!-- AddThis Advanced Settings generic via filter on the_content --><!-- AddThis Share Buttons generic via filter on the_content -->"},"caption":{"rendered":"<p><!-- AddThis Advanced Settings generic via filter on get_the_excerpt --><!-- AddThis Share Buttons generic via filter on get_the_excerpt --><\/p>\n"},"alt_text":"","media_type":"image","mime_type":"image\/png","media_details":{"width":782,"height":596,"file":"2013\/04\/An\u00e1lisis2.png","sizes":{"thumbnail":{"file":"An\u00e1lisis2-150x150.png","width":150,"height":150,"mime_type":"image\/png","source_url":"https:\/\/blogs.hoy.es\/meteobadajoz\/wp-content\/uploads\/sites\/68\/2013\/04\/An\u00e1lisis2-150x150.png"},"medium":{"file":"An\u00e1lisis2-300x229.png","width":300,"height":229,"mime_type":"image\/png","source_url":"https:\/\/blogs.hoy.es\/meteobadajoz\/wp-content\/uploads\/sites\/68\/2013\/04\/An\u00e1lisis2-300x229.png"},"medium_large":{"file":"An\u00e1lisis2-768x585.png","width":768,"height":585,"mime_type":"image\/png","source_url":"https:\/\/blogs.hoy.es\/meteobadajoz\/wp-content\/uploads\/sites\/68\/2013\/04\/An\u00e1lisis2-768x585.png"},"full":{"file":"An\u00e1lisis2.png","width":782,"height":596,"mime_type":"image\/png","source_url":"https:\/\/blogs.hoy.es\/meteobadajoz\/wp-content\/uploads\/sites\/68\/2013\/04\/An\u00e1lisis2.png"}},"image_meta":{"aperture":"0","credit":"","camera":"","caption":"","created_timestamp":"0","copyright":"","focal_length":"0","iso":"0","shutter_speed":"0","title":"","orientation":"0","keywords":[]}},"post":326,"source_url":"https:\/\/blogs.hoy.es\/meteobadajoz\/wp-content\/uploads\/sites\/68\/2013\/04\/An\u00e1lisis2.png","_links":{"self":[{"href":"https:\/\/blogs.hoy.es\/meteobadajoz\/wp-json\/wp\/v2\/media\/328"}],"collection":[{"href":"https:\/\/blogs.hoy.es\/meteobadajoz\/wp-json\/wp\/v2\/media"}],"about":[{"href":"https:\/\/blogs.hoy.es\/meteobadajoz\/wp-json\/wp\/v2\/types\/attachment"}],"author":[{"embeddable":true,"href":"https:\/\/blogs.hoy.es\/meteobadajoz\/wp-json\/wp\/v2\/users\/75"}],"replies":[{"embeddable":true,"href":"https:\/\/blogs.hoy.es\/meteobadajoz\/wp-json\/wp\/v2\/comments?post=328"}]}}

http://blogs.hoy.es/meteobadajoz/wp-content/uploads/sites/68/2013/04/Análisis2.png

Análisis de la posición de los centros de acción y movimiento de los vientos.

<p class="attachment"><a href="https://static-blogs.hoy.es/wp-content/uploads/sites/68/2013/04/Análisis2.png"><img width="300" height="229" src="https://static-blogs.hoy.es/wp-content/uploads/sites/68/2013/04/Análisis2-300x229.png" class="attachment-medium size-medium" alt="" loading="lazy" srcset="https://static-blogs.hoy.es/wp-content/uploads/sites/68/2013/04/Análisis2-300x229.png 300w, https://static-blogs.hoy.es/wp-content/uploads/sites/68/2013/04/Análisis2-768x585.png 768w, https://static-blogs.hoy.es/wp-content/uploads/sites/68/2013/04/Análisis2.png 782w" sizes="(max-width: 300px) 100vw, 300px" /></a></p>
<!-- AddThis Advanced Settings generic via filter on the_content --><!-- AddThis Share Buttons generic via filter on the_content -->

2013/04/Análisis2.png

Análisis2-150x150.png

https://blogs.hoy.es/meteobadajoz/wp-content/uploads/sites/68/2013/04/Análisis2-150x150.png

Análisis2-300x229.png

https://blogs.hoy.es/meteobadajoz/wp-content/uploads/sites/68/2013/04/Análisis2-300x229.png

Análisis2-768x585.png

https://blogs.hoy.es/meteobadajoz/wp-content/uploads/sites/68/2013/04/Análisis2-768x585.png

Análisis2.png

https://blogs.hoy.es/meteobadajoz/wp-content/uploads/sites/68/2013/04/Análisis2.png
