{"id":351,"date":"2013-04-25T20:40:41","date_gmt":"2013-04-25T18:40:41","guid":{"rendered":"http:\/\/blogs.hoy.es\/meteobadajoz\/wp-content\/uploads\/sites\/68\/2013\/04\/Evoluci\u00f3n-de-las-temperaturas-en-M\u00e9rida.png"},"modified":"2013-04-25T20:40:41","modified_gmt":"2013-04-25T18:40:41","slug":"evolucion-de-las-temperaturas-en-merida","status":"inherit","type":"attachment","link":"https:\/\/blogs.hoy.es\/meteobadajoz\/2013\/04\/25\/vuelve-el-invierno\/evolucion-de-las-temperaturas-en-merida\/","title":{"rendered":"Evoluci\u00f3n de las temperaturas en M\u00e9rida"},"author":75,"comment_status":"open","ping_status":"closed","template":"","meta":[],"description":{"rendered":"<p class=\"attachment\"><a href=\"https:\/\/static-blogs.hoy.es\/wp-content\/uploads\/sites\/68\/2013\/04\/Evoluci\u00f3n-de-las-temperaturas-en-M\u00e9rida.png\"><img width=\"300\" height=\"205\" src=\"https:\/\/static-blogs.hoy.es\/wp-content\/uploads\/sites\/68\/2013\/04\/Evoluci\u00f3n-de-las-temperaturas-en-M\u00e9rida-300x205.png\" class=\"attachment-medium size-medium\" alt=\"\" loading=\"lazy\" srcset=\"https:\/\/static-blogs.hoy.es\/wp-content\/uploads\/sites\/68\/2013\/04\/Evoluci\u00f3n-de-las-temperaturas-en-M\u00e9rida-300x205.png 300w, https:\/\/static-blogs.hoy.es\/wp-content\/uploads\/sites\/68\/2013\/04\/Evoluci\u00f3n-de-las-temperaturas-en-M\u00e9rida-768x524.png 768w, https:\/\/static-blogs.hoy.es\/wp-content\/uploads\/sites\/68\/2013\/04\/Evoluci\u00f3n-de-las-temperaturas-en-M\u00e9rida.png 945w\" sizes=\"(max-width: 300px) 100vw, 300px\" \/><\/a><\/p>\n<!-- AddThis Advanced Settings generic via filter on the_content --><!-- AddThis Share Buttons generic via filter on the_content -->"},"caption":{"rendered":"<p><!-- AddThis Advanced Settings generic via filter on get_the_excerpt --><!-- AddThis Share Buttons generic via filter on get_the_excerpt --><\/p>\n"},"alt_text":"","media_type":"image","mime_type":"image\/png","media_details":{"width":945,"height":645,"file":"2013\/04\/Evoluci\u00f3n-de-las-temperaturas-en-M\u00e9rida.png","sizes":{"thumbnail":{"file":"Evoluci\u00f3n-de-las-temperaturas-en-M\u00e9rida-150x150.png","width":150,"height":150,"mime_type":"image\/png","source_url":"https:\/\/blogs.hoy.es\/meteobadajoz\/wp-content\/uploads\/sites\/68\/2013\/04\/Evoluci\u00f3n-de-las-temperaturas-en-M\u00e9rida-150x150.png"},"medium":{"file":"Evoluci\u00f3n-de-las-temperaturas-en-M\u00e9rida-300x205.png","width":300,"height":205,"mime_type":"image\/png","source_url":"https:\/\/blogs.hoy.es\/meteobadajoz\/wp-content\/uploads\/sites\/68\/2013\/04\/Evoluci\u00f3n-de-las-temperaturas-en-M\u00e9rida-300x205.png"},"medium_large":{"file":"Evoluci\u00f3n-de-las-temperaturas-en-M\u00e9rida-768x524.png","width":768,"height":524,"mime_type":"image\/png","source_url":"https:\/\/blogs.hoy.es\/meteobadajoz\/wp-content\/uploads\/sites\/68\/2013\/04\/Evoluci\u00f3n-de-las-temperaturas-en-M\u00e9rida-768x524.png"},"full":{"file":"Evoluci\u00f3n-de-las-temperaturas-en-M\u00e9rida.png","width":945,"height":645,"mime_type":"image\/png","source_url":"https:\/\/blogs.hoy.es\/meteobadajoz\/wp-content\/uploads\/sites\/68\/2013\/04\/Evoluci\u00f3n-de-las-temperaturas-en-M\u00e9rida.png"}},"image_meta":{"aperture":"0","credit":"","camera":"","caption":"","created_timestamp":"0","copyright":"","focal_length":"0","iso":"0","shutter_speed":"0","title":"","orientation":"0","keywords":[]}},"post":343,"source_url":"https:\/\/blogs.hoy.es\/meteobadajoz\/wp-content\/uploads\/sites\/68\/2013\/04\/Evoluci\u00f3n-de-las-temperaturas-en-M\u00e9rida.png","_links":{"self":[{"href":"https:\/\/blogs.hoy.es\/meteobadajoz\/wp-json\/wp\/v2\/media\/351"}],"collection":[{"href":"https:\/\/blogs.hoy.es\/meteobadajoz\/wp-json\/wp\/v2\/media"}],"about":[{"href":"https:\/\/blogs.hoy.es\/meteobadajoz\/wp-json\/wp\/v2\/types\/attachment"}],"author":[{"embeddable":true,"href":"https:\/\/blogs.hoy.es\/meteobadajoz\/wp-json\/wp\/v2\/users\/75"}],"replies":[{"embeddable":true,"href":"https:\/\/blogs.hoy.es\/meteobadajoz\/wp-json\/wp\/v2\/comments?post=351"}]}}

http://blogs.hoy.es/meteobadajoz/wp-content/uploads/sites/68/2013/04/Evolución-de-las-temperaturas-en-Mérida.png

Evolución de las temperaturas en Mérida

<p class="attachment"><a href="https://static-blogs.hoy.es/wp-content/uploads/sites/68/2013/04/Evolución-de-las-temperaturas-en-Mérida.png"><img width="300" height="205" src="https://static-blogs.hoy.es/wp-content/uploads/sites/68/2013/04/Evolución-de-las-temperaturas-en-Mérida-300x205.png" class="attachment-medium size-medium" alt="" loading="lazy" srcset="https://static-blogs.hoy.es/wp-content/uploads/sites/68/2013/04/Evolución-de-las-temperaturas-en-Mérida-300x205.png 300w, https://static-blogs.hoy.es/wp-content/uploads/sites/68/2013/04/Evolución-de-las-temperaturas-en-Mérida-768x524.png 768w, https://static-blogs.hoy.es/wp-content/uploads/sites/68/2013/04/Evolución-de-las-temperaturas-en-Mérida.png 945w" sizes="(max-width: 300px) 100vw, 300px" /></a></p>
<!-- AddThis Advanced Settings generic via filter on the_content --><!-- AddThis Share Buttons generic via filter on the_content -->

2013/04/Evolución-de-las-temperaturas-en-Mérida.png

Evolución-de-las-temperaturas-en-Mérida-150x150.png

https://blogs.hoy.es/meteobadajoz/wp-content/uploads/sites/68/2013/04/Evolución-de-las-temperaturas-en-Mérida-150x150.png

Evolución-de-las-temperaturas-en-Mérida-300x205.png

https://blogs.hoy.es/meteobadajoz/wp-content/uploads/sites/68/2013/04/Evolución-de-las-temperaturas-en-Mérida-300x205.png

Evolución-de-las-temperaturas-en-Mérida-768x524.png

https://blogs.hoy.es/meteobadajoz/wp-content/uploads/sites/68/2013/04/Evolución-de-las-temperaturas-en-Mérida-768x524.png

Evolución-de-las-temperaturas-en-Mérida.png

https://blogs.hoy.es/meteobadajoz/wp-content/uploads/sites/68/2013/04/Evolución-de-las-temperaturas-en-Mérida.png
