{"id":1536,"date":"2013-04-11T08:03:49","date_gmt":"2013-04-11T08:03:49","guid":{"rendered":"http:\/\/blogs.hoy.es\/senderosextremadura\/wp-content\/uploads\/sites\/22\/2013\/04\/bejar-sierra11.jpg"},"modified":"2013-04-11T08:03:49","modified_gmt":"2013-04-11T08:03:49","slug":"bejar-sierra1-2","status":"inherit","type":"attachment","link":"https:\/\/blogs.hoy.es\/senderosextremadura\/bejar-sierra1-2\/","title":{"rendered":"Vistas de la estaci\u00f3n de esqu\u00ed de La Covatilla, en la Sierra de B\u00e9jar"},"author":27,"comment_status":"open","ping_status":"closed","template":"","meta":[],"description":{"rendered":"<p class=\"attachment\"><a href=\"https:\/\/static-blogs.hoy.es\/wp-content\/uploads\/sites\/22\/2013\/04\/bejar-sierra11.jpg\"><img width=\"300\" height=\"225\" src=\"https:\/\/static-blogs.hoy.es\/wp-content\/uploads\/sites\/22\/2013\/04\/bejar-sierra11-300x225.jpg\" class=\"attachment-medium size-medium\" alt=\"\" loading=\"lazy\" srcset=\"https:\/\/static-blogs.hoy.es\/wp-content\/uploads\/sites\/22\/2013\/04\/bejar-sierra11-300x225.jpg 300w, https:\/\/static-blogs.hoy.es\/wp-content\/uploads\/sites\/22\/2013\/04\/bejar-sierra11-768x576.jpg 768w, https:\/\/static-blogs.hoy.es\/wp-content\/uploads\/sites\/22\/2013\/04\/bejar-sierra11-600x450.jpg 600w, https:\/\/static-blogs.hoy.es\/wp-content\/uploads\/sites\/22\/2013\/04\/bejar-sierra11.jpg 1701w\" sizes=\"(max-width: 300px) 100vw, 300px\" \/><\/a><\/p>\n<p>Vistas de la estaci\u00f3n de esqu\u00ed de La Covatilla, en la Sierra de B\u00e9jar<\/p>\n<!-- AddThis Advanced Settings generic via filter on the_content --><!-- AddThis Share Buttons generic via filter on the_content -->"},"caption":{"rendered":"<p>Vistas de la estaci\u00f3n de esqu\u00ed de La Covatilla, en la Sierra de B\u00e9jar<!-- AddThis Advanced Settings generic via filter on get_the_excerpt --><!-- AddThis Share Buttons generic via filter on get_the_excerpt --><\/p>\n"},"alt_text":"","media_type":"image","mime_type":"image\/jpeg","media_details":{"width":1701,"height":1276,"file":"2013\/04\/bejar-sierra11.jpg","sizes":{"thumbnail":{"file":"bejar-sierra11-150x150.jpg","width":150,"height":150,"mime_type":"image\/jpeg","source_url":"https:\/\/blogs.hoy.es\/senderosextremadura\/wp-content\/uploads\/sites\/22\/2013\/04\/bejar-sierra11-150x150.jpg"},"medium":{"file":"bejar-sierra11-300x225.jpg","width":300,"height":225,"mime_type":"image\/jpeg","source_url":"https:\/\/blogs.hoy.es\/senderosextremadura\/wp-content\/uploads\/sites\/22\/2013\/04\/bejar-sierra11-300x225.jpg"},"medium_large":{"file":"bejar-sierra11-768x576.jpg","width":768,"height":576,"mime_type":"image\/jpeg","source_url":"https:\/\/blogs.hoy.es\/senderosextremadura\/wp-content\/uploads\/sites\/22\/2013\/04\/bejar-sierra11-768x576.jpg"},"large":{"file":"bejar-sierra11-600x450.jpg","width":600,"height":450,"mime_type":"image\/jpeg","source_url":"https:\/\/blogs.hoy.es\/senderosextremadura\/wp-content\/uploads\/sites\/22\/2013\/04\/bejar-sierra11-600x450.jpg"},"full":{"file":"bejar-sierra11.jpg","width":1701,"height":1276,"mime_type":"image\/jpeg","source_url":"https:\/\/blogs.hoy.es\/senderosextremadura\/wp-content\/uploads\/sites\/22\/2013\/04\/bejar-sierra11.jpg"}},"image_meta":{"aperture":"0","credit":"","camera":"","caption":"","created_timestamp":"0","copyright":"","focal_length":"0","iso":"0","shutter_speed":"0","title":"","orientation":"0","keywords":[]}},"post":null,"source_url":"https:\/\/blogs.hoy.es\/senderosextremadura\/wp-content\/uploads\/sites\/22\/2013\/04\/bejar-sierra11.jpg","_links":{"self":[{"href":"https:\/\/blogs.hoy.es\/senderosextremadura\/wp-json\/wp\/v2\/media\/1536"}],"collection":[{"href":"https:\/\/blogs.hoy.es\/senderosextremadura\/wp-json\/wp\/v2\/media"}],"about":[{"href":"https:\/\/blogs.hoy.es\/senderosextremadura\/wp-json\/wp\/v2\/types\/attachment"}],"author":[{"embeddable":true,"href":"https:\/\/blogs.hoy.es\/senderosextremadura\/wp-json\/wp\/v2\/users\/27"}],"replies":[{"embeddable":true,"href":"https:\/\/blogs.hoy.es\/senderosextremadura\/wp-json\/wp\/v2\/comments?post=1536"}]}}

Vistas de la estación de esquí de La Covatilla, en la Sierra de Béjar

<p class="attachment"><a href="https://static-blogs.hoy.es/wp-content/uploads/sites/22/2013/04/bejar-sierra11.jpg"><img width="300" height="225" src="https://static-blogs.hoy.es/wp-content/uploads/sites/22/2013/04/bejar-sierra11-300x225.jpg" class="attachment-medium size-medium" alt="" loading="lazy" srcset="https://static-blogs.hoy.es/wp-content/uploads/sites/22/2013/04/bejar-sierra11-300x225.jpg 300w, https://static-blogs.hoy.es/wp-content/uploads/sites/22/2013/04/bejar-sierra11-768x576.jpg 768w, https://static-blogs.hoy.es/wp-content/uploads/sites/22/2013/04/bejar-sierra11-600x450.jpg 600w, https://static-blogs.hoy.es/wp-content/uploads/sites/22/2013/04/bejar-sierra11.jpg 1701w" sizes="(max-width: 300px) 100vw, 300px" /></a></p>
<p>Vistas de la estación de esquí de La Covatilla, en la Sierra de Béjar</p>
<!-- AddThis Advanced Settings generic via filter on the_content --><!-- AddThis Share Buttons generic via filter on the_content -->

<p>Vistas de la estación de esquí de La Covatilla, en la Sierra de Béjar<!-- AddThis Advanced Settings generic via filter on get_the_excerpt --><!-- AddThis Share Buttons generic via filter on get_the_excerpt --></p>
