{"id":2352,"date":"2013-12-19T17:10:12","date_gmt":"2013-12-19T17:10:12","guid":{"rendered":"http:\/\/blogs.hoy.es\/senderosextremadura\/wp-content\/uploads\/sites\/22\/2013\/12\/ruta-senderistasn.jpg"},"modified":"2013-12-19T17:10:12","modified_gmt":"2013-12-19T17:10:12","slug":"ruta-senderistasn","status":"inherit","type":"attachment","link":"https:\/\/blogs.hoy.es\/senderosextremadura\/2013\/12\/19\/colocaran-un-belen-senderista-junto-a-las-pinturas-rupestres-de-la-zarza-21-de-diciembre\/ruta-senderistasn\/","title":{"rendered":"ruta-senderistasn"},"author":27,"comment_status":"open","ping_status":"closed","template":"","meta":[],"description":{"rendered":"<p class=\"attachment\"><a href=\"https:\/\/static-blogs.hoy.es\/wp-content\/uploads\/sites\/22\/2013\/12\/ruta-senderistasn.jpg\"><img width=\"300\" height=\"225\" src=\"https:\/\/static-blogs.hoy.es\/wp-content\/uploads\/sites\/22\/2013\/12\/ruta-senderistasn-300x225.jpg\" class=\"attachment-medium size-medium\" alt=\"\" loading=\"lazy\" srcset=\"https:\/\/static-blogs.hoy.es\/wp-content\/uploads\/sites\/22\/2013\/12\/ruta-senderistasn-300x225.jpg 300w, https:\/\/static-blogs.hoy.es\/wp-content\/uploads\/sites\/22\/2013\/12\/ruta-senderistasn-768x576.jpg 768w, https:\/\/static-blogs.hoy.es\/wp-content\/uploads\/sites\/22\/2013\/12\/ruta-senderistasn-600x450.jpg 600w, https:\/\/static-blogs.hoy.es\/wp-content\/uploads\/sites\/22\/2013\/12\/ruta-senderistasn.jpg 960w\" sizes=\"(max-width: 300px) 100vw, 300px\" \/><\/a><\/p>\n<!-- AddThis Advanced Settings generic via filter on the_content --><!-- AddThis Share Buttons generic via filter on the_content -->"},"caption":{"rendered":"<p>El bel\u00e9n instalado el a\u00f1o pasado:: PE\u00d1AS BLANCAS<!-- AddThis Advanced Settings generic via filter on get_the_excerpt --><!-- AddThis Share Buttons generic via filter on get_the_excerpt --><\/p>\n"},"alt_text":"","media_type":"image","mime_type":"image\/jpeg","media_details":{"width":960,"height":720,"file":"2013\/12\/ruta-senderistasn.jpg","sizes":{"thumbnail":{"file":"ruta-senderistasn-150x150.jpg","width":150,"height":150,"mime_type":"image\/jpeg","source_url":"https:\/\/blogs.hoy.es\/senderosextremadura\/wp-content\/uploads\/sites\/22\/2013\/12\/ruta-senderistasn-150x150.jpg"},"medium":{"file":"ruta-senderistasn-300x225.jpg","width":300,"height":225,"mime_type":"image\/jpeg","source_url":"https:\/\/blogs.hoy.es\/senderosextremadura\/wp-content\/uploads\/sites\/22\/2013\/12\/ruta-senderistasn-300x225.jpg"},"medium_large":{"file":"ruta-senderistasn-768x576.jpg","width":768,"height":576,"mime_type":"image\/jpeg","source_url":"https:\/\/blogs.hoy.es\/senderosextremadura\/wp-content\/uploads\/sites\/22\/2013\/12\/ruta-senderistasn-768x576.jpg"},"large":{"file":"ruta-senderistasn-600x450.jpg","width":600,"height":450,"mime_type":"image\/jpeg","source_url":"https:\/\/blogs.hoy.es\/senderosextremadura\/wp-content\/uploads\/sites\/22\/2013\/12\/ruta-senderistasn-600x450.jpg"},"full":{"file":"ruta-senderistasn.jpg","width":960,"height":720,"mime_type":"image\/jpeg","source_url":"https:\/\/blogs.hoy.es\/senderosextremadura\/wp-content\/uploads\/sites\/22\/2013\/12\/ruta-senderistasn.jpg"}},"image_meta":{"aperture":"0","credit":"","camera":"","caption":"","created_timestamp":"0","copyright":"","focal_length":"0","iso":"0","shutter_speed":"0","title":"","orientation":"0","keywords":[]}},"post":2351,"source_url":"https:\/\/blogs.hoy.es\/senderosextremadura\/wp-content\/uploads\/sites\/22\/2013\/12\/ruta-senderistasn.jpg","_links":{"self":[{"href":"https:\/\/blogs.hoy.es\/senderosextremadura\/wp-json\/wp\/v2\/media\/2352"}],"collection":[{"href":"https:\/\/blogs.hoy.es\/senderosextremadura\/wp-json\/wp\/v2\/media"}],"about":[{"href":"https:\/\/blogs.hoy.es\/senderosextremadura\/wp-json\/wp\/v2\/types\/attachment"}],"author":[{"embeddable":true,"href":"https:\/\/blogs.hoy.es\/senderosextremadura\/wp-json\/wp\/v2\/users\/27"}],"replies":[{"embeddable":true,"href":"https:\/\/blogs.hoy.es\/senderosextremadura\/wp-json\/wp\/v2\/comments?post=2352"}]}}

<p>El belén instalado el año pasado:: PEÑAS BLANCAS<!-- AddThis Advanced Settings generic via filter on get_the_excerpt --><!-- AddThis Share Buttons generic via filter on get_the_excerpt --></p>
