{"id":795,"date":"2012-09-18T00:14:54","date_gmt":"2012-09-18T00:14:54","guid":{"rendered":"http:\/\/blogs.hoy.es\/senderosextremadura\/wp-content\/uploads\/sites\/22\/2012\/09\/rios.jpg"},"modified":"2012-09-18T00:14:54","modified_gmt":"2012-09-18T00:14:54","slug":"rios","status":"inherit","type":"attachment","link":"https:\/\/blogs.hoy.es\/senderosextremadura\/rios\/","title":{"rendered":"rios"},"author":27,"comment_status":"open","ping_status":"closed","template":"","meta":[],"description":{"rendered":"<p class=\"attachment\"><a href=\"https:\/\/static-blogs.hoy.es\/wp-content\/uploads\/sites\/22\/2012\/09\/rios.jpg\"><img width=\"300\" height=\"139\" src=\"https:\/\/static-blogs.hoy.es\/wp-content\/uploads\/sites\/22\/2012\/09\/rios-300x139.jpg\" class=\"attachment-medium size-medium\" alt=\"\" loading=\"lazy\" srcset=\"https:\/\/static-blogs.hoy.es\/wp-content\/uploads\/sites\/22\/2012\/09\/rios-300x139.jpg 300w, https:\/\/static-blogs.hoy.es\/wp-content\/uploads\/sites\/22\/2012\/09\/rios-600x278.jpg 600w, https:\/\/static-blogs.hoy.es\/wp-content\/uploads\/sites\/22\/2012\/09\/rios.jpg 647w\" sizes=\"(max-width: 300px) 100vw, 300px\" \/><\/a><\/p>\n<!-- AddThis Advanced Settings generic via filter on the_content --><!-- AddThis Share Buttons generic via filter on the_content -->"},"caption":{"rendered":"<p>La Ba\u00f1era de R\u00edo Fr\u00edo<!-- AddThis Advanced Settings generic via filter on get_the_excerpt --><!-- AddThis Share Buttons generic via filter on get_the_excerpt --><\/p>\n"},"alt_text":"","media_type":"image","mime_type":"image\/jpeg","media_details":{"width":647,"height":300,"file":"2012\/09\/rios.jpg","sizes":{"thumbnail":{"file":"rios-150x150.jpg","width":150,"height":150,"mime_type":"image\/jpeg","source_url":"https:\/\/blogs.hoy.es\/senderosextremadura\/wp-content\/uploads\/sites\/22\/2012\/09\/rios-150x150.jpg"},"medium":{"file":"rios-300x139.jpg","width":300,"height":139,"mime_type":"image\/jpeg","source_url":"https:\/\/blogs.hoy.es\/senderosextremadura\/wp-content\/uploads\/sites\/22\/2012\/09\/rios-300x139.jpg"},"large":{"file":"rios-600x278.jpg","width":600,"height":278,"mime_type":"image\/jpeg","source_url":"https:\/\/blogs.hoy.es\/senderosextremadura\/wp-content\/uploads\/sites\/22\/2012\/09\/rios-600x278.jpg"},"full":{"file":"rios.jpg","width":647,"height":300,"mime_type":"image\/jpeg","source_url":"https:\/\/blogs.hoy.es\/senderosextremadura\/wp-content\/uploads\/sites\/22\/2012\/09\/rios.jpg"}},"image_meta":{"aperture":"0","credit":"","camera":"","caption":"","created_timestamp":"0","copyright":"","focal_length":"0","iso":"0","shutter_speed":"0","title":"","orientation":"0","keywords":[]}},"post":null,"source_url":"https:\/\/blogs.hoy.es\/senderosextremadura\/wp-content\/uploads\/sites\/22\/2012\/09\/rios.jpg","_links":{"self":[{"href":"https:\/\/blogs.hoy.es\/senderosextremadura\/wp-json\/wp\/v2\/media\/795"}],"collection":[{"href":"https:\/\/blogs.hoy.es\/senderosextremadura\/wp-json\/wp\/v2\/media"}],"about":[{"href":"https:\/\/blogs.hoy.es\/senderosextremadura\/wp-json\/wp\/v2\/types\/attachment"}],"author":[{"embeddable":true,"href":"https:\/\/blogs.hoy.es\/senderosextremadura\/wp-json\/wp\/v2\/users\/27"}],"replies":[{"embeddable":true,"href":"https:\/\/blogs.hoy.es\/senderosextremadura\/wp-json\/wp\/v2\/comments?post=795"}]}}

<p>La Bañera de Río Frío<!-- AddThis Advanced Settings generic via filter on get_the_excerpt --><!-- AddThis Share Buttons generic via filter on get_the_excerpt --></p>
